[INFO] cloning repository https://github.com/Skirmisher/batt-post
[INFO] running `Command { std: "git" "-c" "credential.helper=" "-c" "credential.helper=/workspace/cargo-home/bin/git-credential-null" "clone" "--bare" "https://github.com/Skirmisher/batt-post" "/workspace/cache/git-repos/https%3A%2F%2Fgithub.com%2FSkirmisher%2Fbatt-post", kill_on_drop: false }`
[INFO] [stderr] Cloning into bare repository '/workspace/cache/git-repos/https%3A%2F%2Fgithub.com%2FSkirmisher%2Fbatt-post'...
[INFO] running `Command { std: "git" "rev-parse" "HEAD", kill_on_drop: false }`
[INFO] [stdout] 77f4d1d9a566e12c6a9b2e566aae1d70a10ee314
[INFO] building Skirmisher/batt-post against master#881c1ac408d93bb7adaa3a51dabab9266e82eee8 for issue-85264
[INFO] running `Command { std: "git" "clone" "/workspace/cache/git-repos/https%3A%2F%2Fgithub.com%2FSkirmisher%2Fbatt-post" "/workspace/builds/worker-15/source", kill_on_drop: false }`
[INFO] [stderr] Cloning into '/workspace/builds/worker-15/source'...
[INFO] [stderr] done.
[INFO] validating manifest of git repo https://github.com/Skirmisher/batt-post on toolchain 881c1ac408d93bb7adaa3a51dabab9266e82eee8
[INFO] running `Command { std: "/workspace/cargo-home/bin/cargo" "+881c1ac408d93bb7adaa3a51dabab9266e82eee8" "metadata" "--manifest-path" "Cargo.toml" "--no-deps", kill_on_drop: false }`
[INFO] started tweaking git repo https://github.com/Skirmisher/batt-post
[INFO] finished tweaking git repo https://github.com/Skirmisher/batt-post
[INFO] tweaked toml for git repo https://github.com/Skirmisher/batt-post written to /workspace/builds/worker-15/source/Cargo.toml
[INFO] crate git repo https://github.com/Skirmisher/batt-post already has a lockfile, it will not be regenerated
[INFO] running `Command { std: "/workspace/cargo-home/bin/cargo" "+881c1ac408d93bb7adaa3a51dabab9266e82eee8" "fetch" "--manifest-path" "Cargo.toml", kill_on_drop: false }`
[INFO] [stderr]  Downloading crates ...
[INFO] [stderr]   Downloaded multisock v0.1.0
[INFO] [stderr]   Downloaded battery v0.7.1
[INFO] [stderr]   Downloaded uom v0.22.1
[INFO] running `Command { std: "docker" "create" "-v" "/var/lib/crater-agent-workspace/builds/worker-15/target:/opt/rustwide/target:rw,Z" "-v" "/var/lib/crater-agent-workspace/builds/worker-15/source:/opt/rustwide/workdir:ro,Z" "-v" "/var/lib/crater-agent-workspace/cargo-home:/opt/rustwide/cargo-home:ro,Z" "-v" "/var/lib/crater-agent-workspace/rustup-home:/opt/rustwide/rustup-home:ro,Z" "-e" "SOURCE_DIR=/opt/rustwide/workdir" "-e" "CARGO_TARGET_DIR=/opt/rustwide/target" "-e" "CARGO_HOME=/opt/rustwide/cargo-home" "-e" "RUSTUP_HOME=/opt/rustwide/rustup-home" "-w" "/opt/rustwide/workdir" "-m" "1610612736" "--user" "0:0" "--network" "none" "ghcr.io/rust-lang/crates-build-env/linux@sha256:20528e8c29e4536546f0102ce88568b16ea7538393a33fcca951030f7af10457" "/opt/rustwide/cargo-home/bin/cargo" "+881c1ac408d93bb7adaa3a51dabab9266e82eee8" "metadata" "--no-deps" "--format-version=1", kill_on_drop: false }`
[INFO] [stdout] 382dbc2ea17a697b794096682c9db18457391d3a8a98895961da315ca0b83fe6
[INFO] [stderr] WARNING: Your kernel does not support swap limit capabilities or the cgroup is not mounted. Memory limited without swap.
[INFO] running `Command { std: "docker" "start" "-a" "382dbc2ea17a697b794096682c9db18457391d3a8a98895961da315ca0b83fe6", kill_on_drop: false }`
[INFO] running `Command { std: "docker" "inspect" "382dbc2ea17a697b794096682c9db18457391d3a8a98895961da315ca0b83fe6", kill_on_drop: false }`
[INFO] running `Command { std: "docker" "rm" "-f" "382dbc2ea17a697b794096682c9db18457391d3a8a98895961da315ca0b83fe6", kill_on_drop: false }`
[INFO] [stdout] 382dbc2ea17a697b794096682c9db18457391d3a8a98895961da315ca0b83fe6
[INFO] running `Command { std: "docker" "create" "-v" "/var/lib/crater-agent-workspace/builds/worker-15/target:/opt/rustwide/target:rw,Z" "-v" "/var/lib/crater-agent-workspace/builds/worker-15/source:/opt/rustwide/workdir:ro,Z" "-v" "/var/lib/crater-agent-workspace/cargo-home:/opt/rustwide/cargo-home:ro,Z" "-v" "/var/lib/crater-agent-workspace/rustup-home:/opt/rustwide/rustup-home:ro,Z" "-e" "SOURCE_DIR=/opt/rustwide/workdir" "-e" "CARGO_TARGET_DIR=/opt/rustwide/target" "-e" "CARGO_INCREMENTAL=0" "-e" "RUST_BACKTRACE=full" "-e" "RUSTFLAGS=--cap-lints=forbid" "-e" "CARGO_HOME=/opt/rustwide/cargo-home" "-e" "RUSTUP_HOME=/opt/rustwide/rustup-home" "-w" "/opt/rustwide/workdir" "-m" "1610612736" "--user" "0:0" "--network" "none" "ghcr.io/rust-lang/crates-build-env/linux@sha256:20528e8c29e4536546f0102ce88568b16ea7538393a33fcca951030f7af10457" "/opt/rustwide/cargo-home/bin/cargo" "+881c1ac408d93bb7adaa3a51dabab9266e82eee8" "build" "--frozen" "--message-format=json", kill_on_drop: false }`
[INFO] [stdout] e699a3c233150d5f7d9f7a71b5ccf54ab28741b0c058210a130705c66d933b25
[INFO] [stderr] WARNING: Your kernel does not support swap limit capabilities or the cgroup is not mounted. Memory limited without swap.
[INFO] running `Command { std: "docker" "start" "-a" "e699a3c233150d5f7d9f7a71b5ccf54ab28741b0c058210a130705c66d933b25", kill_on_drop: false }`
[INFO] [stderr]    Compiling num-traits v0.2.6
[INFO] [stderr]    Compiling typenum v1.10.0
[INFO] [stderr]    Compiling battery v0.7.1
[INFO] [stderr]    Compiling lazycell v1.2.1
[INFO] [stderr]    Compiling cfg-if v0.1.7
[INFO] [stderr]    Compiling multisock v0.1.0
[INFO] [stderr]    Compiling uom v0.22.1
[INFO] [stdout] error[E0277]: the trait bound `<<D as si::Dimension>::L as std::ops::Neg>::Output: Integer` is not satisfied
[INFO] [stdout]    --> /opt/rustwide/cargo-home/registry/src/github.com-1ecc6299db9ec823/uom-0.22.1/src/system.rs:716:18
[INFO] [stdout]     |
[INFO] [stdout] 230 |           pub struct Quantity<D, U, V>
[INFO] [stdout]     |                      -------- required by a bound in this
[INFO] [stdout] 231 |           where
[INFO] [stdout] 232 |               D: Dimension + ?Sized,
[INFO] [stdout]     |                  --------- required by this bound in `si::Quantity`
[INFO] [stdout] ...
[INFO] [stdout] 716 |               ) -> Quantity<$quantities<$($crate::typenum::Negate<D::$symbol>),+>, U, V>
[INFO] [stdout]     |                    ^^^^^^^^^^^^^^^^^^^^^^^^^^^^^^^^^^^^^^^^^^^^^^^^^^^^^^^^^^^^^^^^^^^^^ the trait `Integer` is not implemented for `<<D as si::Dimension>::L as std::ops::Neg>::Output`
[INFO] [stdout]     | 
[INFO] [stdout]    ::: /opt/rustwide/cargo-home/registry/src/github.com-1ecc6299db9ec823/uom-0.22.1/src/si/mod.rs:10:1
[INFO] [stdout]     |
[INFO] [stdout] 10  | / system! {
[INFO] [stdout] 11  | |     /// [International System of Quantities](http://jcgm.bipm.org/vim/en/1.6.html) (ISQ).
[INFO] [stdout] 12  | |     quantities: ISQ {
[INFO] [stdout] 13  | |         length: meter, L;
[INFO] [stdout] ...   |
[INFO] [stdout] 56  | |     }
[INFO] [stdout] 57  | | }
[INFO] [stdout]     | |_- in this macro invocation
[INFO] [stdout]     |
[INFO] [stdout]     = note: this error originates in a macro (in Nightly builds, run with -Z macro-backtrace for more info)
[INFO] [stdout] 
[INFO] [stdout] 
[INFO] [stdout] error[E0277]: the trait bound `<<D as si::Dimension>::M as std::ops::Neg>::Output: Integer` is not satisfied
[INFO] [stdout]    --> /opt/rustwide/cargo-home/registry/src/github.com-1ecc6299db9ec823/uom-0.22.1/src/system.rs:716:18
[INFO] [stdout]     |
[INFO] [stdout] 230 |           pub struct Quantity<D, U, V>
[INFO] [stdout]     |                      -------- required by a bound in this
[INFO] [stdout] 231 |           where
[INFO] [stdout] 232 |               D: Dimension + ?Sized,
[INFO] [stdout]     |                  --------- required by this bound in `si::Quantity`
[INFO] [stdout] ...
[INFO] [stdout] 716 |               ) -> Quantity<$quantities<$($crate::typenum::Negate<D::$symbol>),+>, U, V>
[INFO] [stdout]     |                    ^^^^^^^^^^^^^^^^^^^^^^^^^^^^^^^^^^^^^^^^^^^^^^^^^^^^^^^^^^^^^^^^^^^^^ the trait `Integer` is not implemented for `<<D as si::Dimension>::M as std::ops::Neg>::Output`
[INFO] [stdout]     | 
[INFO] [stdout]    ::: /opt/rustwide/cargo-home/registry/src/github.com-1ecc6299db9ec823/uom-0.22.1/src/si/mod.rs:10:1
[INFO] [stdout]     |
[INFO] [stdout] 10  | / system! {
[INFO] [stdout] 11  | |     /// [International System of Quantities](http://jcgm.bipm.org/vim/en/1.6.html) (ISQ).
[INFO] [stdout] 12  | |     quantities: ISQ {
[INFO] [stdout] 13  | |         length: meter, L;
[INFO] [stdout] ...   |
[INFO] [stdout] 56  | |     }
[INFO] [stdout] 57  | | }
[INFO] [stdout]     | |_- in this macro invocation
[INFO] [stdout]     |
[INFO] [stdout]     = note: this error originates in a macro (in Nightly builds, run with -Z macro-backtrace for more info)
[INFO] [stdout] 
[INFO] [stdout] 
[INFO] [stdout] error[E0277]: the trait bound `<<D as si::Dimension>::T as std::ops::Neg>::Output: Integer` is not satisfied
[INFO] [stdout]    --> /opt/rustwide/cargo-home/registry/src/github.com-1ecc6299db9ec823/uom-0.22.1/src/system.rs:716:18
[INFO] [stdout]     |
[INFO] [stdout] 230 |           pub struct Quantity<D, U, V>
[INFO] [stdout]     |                      -------- required by a bound in this
[INFO] [stdout] 231 |           where
[INFO] [stdout] 232 |               D: Dimension + ?Sized,
[INFO] [stdout]     |                  --------- required by this bound in `si::Quantity`
[INFO] [stdout] ...
[INFO] [stdout] 716 |               ) -> Quantity<$quantities<$($crate::typenum::Negate<D::$symbol>),+>, U, V>
[INFO] [stdout]     |                    ^^^^^^^^^^^^^^^^^^^^^^^^^^^^^^^^^^^^^^^^^^^^^^^^^^^^^^^^^^^^^^^^^^^^^ the trait `Integer` is not implemented for `<<D as si::Dimension>::T as std::ops::Neg>::Output`
[INFO] [stdout]     | 
[INFO] [stdout]    ::: /opt/rustwide/cargo-home/registry/src/github.com-1ecc6299db9ec823/uom-0.22.1/src/si/mod.rs:10:1
[INFO] [stdout]     |
[INFO] [stdout] 10  | / system! {
[INFO] [stdout] 11  | |     /// [International System of Quantities](http://jcgm.bipm.org/vim/en/1.6.html) (ISQ).
[INFO] [stdout] 12  | |     quantities: ISQ {
[INFO] [stdout] 13  | |         length: meter, L;
[INFO] [stdout] ...   |
[INFO] [stdout] 56  | |     }
[INFO] [stdout] 57  | | }
[INFO] [stdout]     | |_- in this macro invocation
[INFO] [stdout]     |
[INFO] [stdout]     = note: this error originates in a macro (in Nightly builds, run with -Z macro-backtrace for more info)
[INFO] [stdout] 
[INFO] [stdout] 
[INFO] [stdout] error[E0277]: the trait bound `<<D as si::Dimension>::I as std::ops::Neg>::Output: Integer` is not satisfied
[INFO] [stdout]    --> /opt/rustwide/cargo-home/registry/src/github.com-1ecc6299db9ec823/uom-0.22.1/src/system.rs:716:18
[INFO] [stdout]     |
[INFO] [stdout] 230 |           pub struct Quantity<D, U, V>
[INFO] [stdout]     |                      -------- required by a bound in this
[INFO] [stdout] 231 |           where
[INFO] [stdout] 232 |               D: Dimension + ?Sized,
[INFO] [stdout]     |                  --------- required by this bound in `si::Quantity`
[INFO] [stdout] ...
[INFO] [stdout] 716 |               ) -> Quantity<$quantities<$($crate::typenum::Negate<D::$symbol>),+>, U, V>
[INFO] [stdout]     |                    ^^^^^^^^^^^^^^^^^^^^^^^^^^^^^^^^^^^^^^^^^^^^^^^^^^^^^^^^^^^^^^^^^^^^^ the trait `Integer` is not implemented for `<<D as si::Dimension>::I as std::ops::Neg>::Output`
[INFO] [stdout]     | 
[INFO] [stdout]    ::: /opt/rustwide/cargo-home/registry/src/github.com-1ecc6299db9ec823/uom-0.22.1/src/si/mod.rs:10:1
[INFO] [stdout]     |
[INFO] [stdout] 10  | / system! {
[INFO] [stdout] 11  | |     /// [International System of Quantities](http://jcgm.bipm.org/vim/en/1.6.html) (ISQ).
[INFO] [stdout] 12  | |     quantities: ISQ {
[INFO] [stdout] 13  | |         length: meter, L;
[INFO] [stdout] ...   |
[INFO] [stdout] 56  | |     }
[INFO] [stdout] 57  | | }
[INFO] [stdout]     | |_- in this macro invocation
[INFO] [stdout]     |
[INFO] [stdout]     = note: this error originates in a macro (in Nightly builds, run with -Z macro-backtrace for more info)
[INFO] [stdout] 
[INFO] [stdout] 
[INFO] [stdout] error[E0277]: the trait bound `<<D as si::Dimension>::Th as std::ops::Neg>::Output: Integer` is not satisfied
[INFO] [stdout]    --> /opt/rustwide/cargo-home/registry/src/github.com-1ecc6299db9ec823/uom-0.22.1/src/system.rs:716:18
[INFO] [stdout]     |
[INFO] [stdout] 230 |           pub struct Quantity<D, U, V>
[INFO] [stdout]     |                      -------- required by a bound in this
[INFO] [stdout] 231 |           where
[INFO] [stdout] 232 |               D: Dimension + ?Sized,
[INFO] [stdout]     |                  --------- required by this bound in `si::Quantity`
[INFO] [stdout] ...
[INFO] [stdout] 716 |               ) -> Quantity<$quantities<$($crate::typenum::Negate<D::$symbol>),+>, U, V>
[INFO] [stdout]     |                    ^^^^^^^^^^^^^^^^^^^^^^^^^^^^^^^^^^^^^^^^^^^^^^^^^^^^^^^^^^^^^^^^^^^^^ the trait `Integer` is not implemented for `<<D as si::Dimension>::Th as std::ops::Neg>::Output`
[INFO] [stdout]     | 
[INFO] [stdout]    ::: /opt/rustwide/cargo-home/registry/src/github.com-1ecc6299db9ec823/uom-0.22.1/src/si/mod.rs:10:1
[INFO] [stdout]     |
[INFO] [stdout] 10  | / system! {
[INFO] [stdout] 11  | |     /// [International System of Quantities](http://jcgm.bipm.org/vim/en/1.6.html) (ISQ).
[INFO] [stdout] 12  | |     quantities: ISQ {
[INFO] [stdout] 13  | |         length: meter, L;
[INFO] [stdout] ...   |
[INFO] [stdout] 56  | |     }
[INFO] [stdout] 57  | | }
[INFO] [stdout]     | |_- in this macro invocation
[INFO] [stdout]     |
[INFO] [stdout]     = note: this error originates in a macro (in Nightly builds, run with -Z macro-backtrace for more info)
[INFO] [stdout] 
[INFO] [stdout] 
[INFO] [stdout] error[E0277]: the trait bound `<<D as si::Dimension>::N as std::ops::Neg>::Output: Integer` is not satisfied
[INFO] [stdout]    --> /opt/rustwide/cargo-home/registry/src/github.com-1ecc6299db9ec823/uom-0.22.1/src/system.rs:716:18
[INFO] [stdout]     |
[INFO] [stdout] 230 |           pub struct Quantity<D, U, V>
[INFO] [stdout]     |                      -------- required by a bound in this
[INFO] [stdout] 231 |           where
[INFO] [stdout] 232 |               D: Dimension + ?Sized,
[INFO] [stdout]     |                  --------- required by this bound in `si::Quantity`
[INFO] [stdout] ...
[INFO] [stdout] 716 |               ) -> Quantity<$quantities<$($crate::typenum::Negate<D::$symbol>),+>, U, V>
[INFO] [stdout]     |                    ^^^^^^^^^^^^^^^^^^^^^^^^^^^^^^^^^^^^^^^^^^^^^^^^^^^^^^^^^^^^^^^^^^^^^ the trait `Integer` is not implemented for `<<D as si::Dimension>::N as std::ops::Neg>::Output`
[INFO] [stdout]     | 
[INFO] [stdout]    ::: /opt/rustwide/cargo-home/registry/src/github.com-1ecc6299db9ec823/uom-0.22.1/src/si/mod.rs:10:1
[INFO] [stdout]     |
[INFO] [stdout] 10  | / system! {
[INFO] [stdout] 11  | |     /// [International System of Quantities](http://jcgm.bipm.org/vim/en/1.6.html) (ISQ).
[INFO] [stdout] 12  | |     quantities: ISQ {
[INFO] [stdout] 13  | |         length: meter, L;
[INFO] [stdout] ...   |
[INFO] [stdout] 56  | |     }
[INFO] [stdout] 57  | | }
[INFO] [stdout]     | |_- in this macro invocation
[INFO] [stdout]     |
[INFO] [stdout]     = note: this error originates in a macro (in Nightly builds, run with -Z macro-backtrace for more info)
[INFO] [stdout] 
[INFO] [stdout] 
[INFO] [stdout] error[E0277]: the trait bound `<<D as si::Dimension>::J as std::ops::Neg>::Output: Integer` is not satisfied
[INFO] [stdout]    --> /opt/rustwide/cargo-home/registry/src/github.com-1ecc6299db9ec823/uom-0.22.1/src/system.rs:716:18
[INFO] [stdout]     |
[INFO] [stdout] 230 |           pub struct Quantity<D, U, V>
[INFO] [stdout]     |                      -------- required by a bound in this
[INFO] [stdout] 231 |           where
[INFO] [stdout] 232 |               D: Dimension + ?Sized,
[INFO] [stdout]     |                  --------- required by this bound in `si::Quantity`
[INFO] [stdout] ...
[INFO] [stdout] 716 |               ) -> Quantity<$quantities<$($crate::typenum::Negate<D::$symbol>),+>, U, V>
[INFO] [stdout]     |                    ^^^^^^^^^^^^^^^^^^^^^^^^^^^^^^^^^^^^^^^^^^^^^^^^^^^^^^^^^^^^^^^^^^^^^ the trait `Integer` is not implemented for `<<D as si::Dimension>::J as std::ops::Neg>::Output`
[INFO] [stdout]     | 
[INFO] [stdout]    ::: /opt/rustwide/cargo-home/registry/src/github.com-1ecc6299db9ec823/uom-0.22.1/src/si/mod.rs:10:1
[INFO] [stdout]     |
[INFO] [stdout] 10  | / system! {
[INFO] [stdout] 11  | |     /// [International System of Quantities](http://jcgm.bipm.org/vim/en/1.6.html) (ISQ).
[INFO] [stdout] 12  | |     quantities: ISQ {
[INFO] [stdout] 13  | |         length: meter, L;
[INFO] [stdout] ...   |
[INFO] [stdout] 56  | |     }
[INFO] [stdout] 57  | | }
[INFO] [stdout]     | |_- in this macro invocation
[INFO] [stdout]     |
[INFO] [stdout]     = note: this error originates in a macro (in Nightly builds, run with -Z macro-backtrace for more info)
[INFO] [stdout] 
[INFO] [stdout] 
[INFO] [stdout] error[E0277]: the trait bound `<<D as si::Dimension>::L as std::ops::Mul<E>>::Output: Integer` is not satisfied
[INFO] [stdout]    --> /opt/rustwide/cargo-home/registry/src/github.com-1ecc6299db9ec823/uom-0.22.1/src/system.rs:740:18
[INFO] [stdout]     |
[INFO] [stdout] 230 |           pub struct Quantity<D, U, V>
[INFO] [stdout]     |                      -------- required by a bound in this
[INFO] [stdout] 231 |           where
[INFO] [stdout] 232 |               D: Dimension + ?Sized,
[INFO] [stdout]     |                  --------- required by this bound in `si::Quantity`
[INFO] [stdout] ...
[INFO] [stdout] 740 |               ) -> Quantity<$quantities<$($crate::typenum::Prod<D::$symbol, E>),+>, U, V>
[INFO] [stdout]     |                    ^^^^^^^^^^^^^^^^^^^^^^^^^^^^^^^^^^^^^^^^^^^^^^^^^^^^^^^^^^^^^^^^^^^^^^ the trait `Integer` is not implemented for `<<D as si::Dimension>::L as std::ops::Mul<E>>::Output`
[INFO] [stdout]     | 
[INFO] [stdout]    ::: /opt/rustwide/cargo-home/registry/src/github.com-1ecc6299db9ec823/uom-0.22.1/src/si/mod.rs:10:1
[INFO] [stdout]     |
[INFO] [stdout] 10  | / system! {
[INFO] [stdout] 11  | |     /// [International System of Quantities](http://jcgm.bipm.org/vim/en/1.6.html) (ISQ).
[INFO] [stdout] 12  | |     quantities: ISQ {
[INFO] [stdout] 13  | |         length: meter, L;
[INFO] [stdout] ...   |
[INFO] [stdout] 56  | |     }
[INFO] [stdout] 57  | | }
[INFO] [stdout]     | |_- in this macro invocation
[INFO] [stdout]     |
[INFO] [stdout]     = note: this error originates in a macro (in Nightly builds, run with -Z macro-backtrace for more info)
[INFO] [stdout] 
[INFO] [stdout] 
[INFO] [stdout] error[E0277]: the trait bound `<<D as si::Dimension>::M as std::ops::Mul<E>>::Output: Integer` is not satisfied
[INFO] [stdout]    --> /opt/rustwide/cargo-home/registry/src/github.com-1ecc6299db9ec823/uom-0.22.1/src/system.rs:740:18
[INFO] [stdout]     |
[INFO] [stdout] 230 |           pub struct Quantity<D, U, V>
[INFO] [stdout]     |                      -------- required by a bound in this
[INFO] [stdout] 231 |           where
[INFO] [stdout] 232 |               D: Dimension + ?Sized,
[INFO] [stdout]     |                  --------- required by this bound in `si::Quantity`
[INFO] [stdout] ...
[INFO] [stdout] 740 |               ) -> Quantity<$quantities<$($crate::typenum::Prod<D::$symbol, E>),+>, U, V>
[INFO] [stdout]     |                    ^^^^^^^^^^^^^^^^^^^^^^^^^^^^^^^^^^^^^^^^^^^^^^^^^^^^^^^^^^^^^^^^^^^^^^ the trait `Integer` is not implemented for `<<D as si::Dimension>::M as std::ops::Mul<E>>::Output`
[INFO] [stdout]     | 
[INFO] [stdout]    ::: /opt/rustwide/cargo-home/registry/src/github.com-1ecc6299db9ec823/uom-0.22.1/src/si/mod.rs:10:1
[INFO] [stdout]     |
[INFO] [stdout] 10  | / system! {
[INFO] [stdout] 11  | |     /// [International System of Quantities](http://jcgm.bipm.org/vim/en/1.6.html) (ISQ).
[INFO] [stdout] 12  | |     quantities: ISQ {
[INFO] [stdout] 13  | |         length: meter, L;
[INFO] [stdout] ...   |
[INFO] [stdout] 56  | |     }
[INFO] [stdout] 57  | | }
[INFO] [stdout]     | |_- in this macro invocation
[INFO] [stdout]     |
[INFO] [stdout]     = note: this error originates in a macro (in Nightly builds, run with -Z macro-backtrace for more info)
[INFO] [stdout] 
[INFO] [stdout] 
[INFO] [stdout] error[E0277]: the trait bound `<<D as si::Dimension>::T as std::ops::Mul<E>>::Output: Integer` is not satisfied
[INFO] [stdout]    --> /opt/rustwide/cargo-home/registry/src/github.com-1ecc6299db9ec823/uom-0.22.1/src/system.rs:740:18
[INFO] [stdout]     |
[INFO] [stdout] 230 |           pub struct Quantity<D, U, V>
[INFO] [stdout]     |                      -------- required by a bound in this
[INFO] [stdout] 231 |           where
[INFO] [stdout] 232 |               D: Dimension + ?Sized,
[INFO] [stdout]     |                  --------- required by this bound in `si::Quantity`
[INFO] [stdout] ...
[INFO] [stdout] 740 |               ) -> Quantity<$quantities<$($crate::typenum::Prod<D::$symbol, E>),+>, U, V>
[INFO] [stdout]     |                    ^^^^^^^^^^^^^^^^^^^^^^^^^^^^^^^^^^^^^^^^^^^^^^^^^^^^^^^^^^^^^^^^^^^^^^ the trait `Integer` is not implemented for `<<D as si::Dimension>::T as std::ops::Mul<E>>::Output`
[INFO] [stdout]     | 
[INFO] [stdout]    ::: /opt/rustwide/cargo-home/registry/src/github.com-1ecc6299db9ec823/uom-0.22.1/src/si/mod.rs:10:1
[INFO] [stdout]     |
[INFO] [stdout] 10  | / system! {
[INFO] [stdout] 11  | |     /// [International System of Quantities](http://jcgm.bipm.org/vim/en/1.6.html) (ISQ).
[INFO] [stdout] 12  | |     quantities: ISQ {
[INFO] [stdout] 13  | |         length: meter, L;
[INFO] [stdout] ...   |
[INFO] [stdout] 56  | |     }
[INFO] [stdout] 57  | | }
[INFO] [stdout]     | |_- in this macro invocation
[INFO] [stdout]     |
[INFO] [stdout]     = note: this error originates in a macro (in Nightly builds, run with -Z macro-backtrace for more info)
[INFO] [stdout] 
[INFO] [stdout] 
[INFO] [stdout] error[E0277]: the trait bound `<<D as si::Dimension>::I as std::ops::Mul<E>>::Output: Integer` is not satisfied
[INFO] [stdout]    --> /opt/rustwide/cargo-home/registry/src/github.com-1ecc6299db9ec823/uom-0.22.1/src/system.rs:740:18
[INFO] [stdout]     |
[INFO] [stdout] 230 |           pub struct Quantity<D, U, V>
[INFO] [stdout]     |                      -------- required by a bound in this
[INFO] [stdout] 231 |           where
[INFO] [stdout] 232 |               D: Dimension + ?Sized,
[INFO] [stdout]     |                  --------- required by this bound in `si::Quantity`
[INFO] [stdout] ...
[INFO] [stdout] 740 |               ) -> Quantity<$quantities<$($crate::typenum::Prod<D::$symbol, E>),+>, U, V>
[INFO] [stdout]     |                    ^^^^^^^^^^^^^^^^^^^^^^^^^^^^^^^^^^^^^^^^^^^^^^^^^^^^^^^^^^^^^^^^^^^^^^ the trait `Integer` is not implemented for `<<D as si::Dimension>::I as std::ops::Mul<E>>::Output`
[INFO] [stdout]     | 
[INFO] [stdout]    ::: /opt/rustwide/cargo-home/registry/src/github.com-1ecc6299db9ec823/uom-0.22.1/src/si/mod.rs:10:1
[INFO] [stdout]     |
[INFO] [stdout] 10  | / system! {
[INFO] [stdout] 11  | |     /// [International System of Quantities](http://jcgm.bipm.org/vim/en/1.6.html) (ISQ).
[INFO] [stdout] 12  | |     quantities: ISQ {
[INFO] [stdout] 13  | |         length: meter, L;
[INFO] [stdout] ...   |
[INFO] [stdout] 56  | |     }
[INFO] [stdout] 57  | | }
[INFO] [stdout]     | |_- in this macro invocation
[INFO] [stdout]     |
[INFO] [stdout]     = note: this error originates in a macro (in Nightly builds, run with -Z macro-backtrace for more info)
[INFO] [stdout] 
[INFO] [stdout] 
[INFO] [stdout] error[E0277]: the trait bound `<<D as si::Dimension>::Th as std::ops::Mul<E>>::Output: Integer` is not satisfied
[INFO] [stdout]    --> /opt/rustwide/cargo-home/registry/src/github.com-1ecc6299db9ec823/uom-0.22.1/src/system.rs:740:18
[INFO] [stdout]     |
[INFO] [stdout] 230 |           pub struct Quantity<D, U, V>
[INFO] [stdout]     |                      -------- required by a bound in this
[INFO] [stdout] 231 |           where
[INFO] [stdout] 232 |               D: Dimension + ?Sized,
[INFO] [stdout]     |                  --------- required by this bound in `si::Quantity`
[INFO] [stdout] ...
[INFO] [stdout] 740 |               ) -> Quantity<$quantities<$($crate::typenum::Prod<D::$symbol, E>),+>, U, V>
[INFO] [stdout]     |                    ^^^^^^^^^^^^^^^^^^^^^^^^^^^^^^^^^^^^^^^^^^^^^^^^^^^^^^^^^^^^^^^^^^^^^^ the trait `Integer` is not implemented for `<<D as si::Dimension>::Th as std::ops::Mul<E>>::Output`
[INFO] [stdout]     | 
[INFO] [stdout]    ::: /opt/rustwide/cargo-home/registry/src/github.com-1ecc6299db9ec823/uom-0.22.1/src/si/mod.rs:10:1
[INFO] [stdout]     |
[INFO] [stdout] 10  | / system! {
[INFO] [stdout] 11  | |     /// [International System of Quantities](http://jcgm.bipm.org/vim/en/1.6.html) (ISQ).
[INFO] [stdout] 12  | |     quantities: ISQ {
[INFO] [stdout] 13  | |         length: meter, L;
[INFO] [stdout] ...   |
[INFO] [stdout] 56  | |     }
[INFO] [stdout] 57  | | }
[INFO] [stdout]     | |_- in this macro invocation
[INFO] [stdout]     |
[INFO] [stdout]     = note: this error originates in a macro (in Nightly builds, run with -Z macro-backtrace for more info)
[INFO] [stdout] 
[INFO] [stdout] 
[INFO] [stdout] error[E0277]: the trait bound `<<D as si::Dimension>::N as std::ops::Mul<E>>::Output: Integer` is not satisfied
[INFO] [stdout]    --> /opt/rustwide/cargo-home/registry/src/github.com-1ecc6299db9ec823/uom-0.22.1/src/system.rs:740:18
[INFO] [stdout]     |
[INFO] [stdout] 230 |           pub struct Quantity<D, U, V>
[INFO] [stdout]     |                      -------- required by a bound in this
[INFO] [stdout] 231 |           where
[INFO] [stdout] 232 |               D: Dimension + ?Sized,
[INFO] [stdout]     |                  --------- required by this bound in `si::Quantity`
[INFO] [stdout] ...
[INFO] [stdout] 740 |               ) -> Quantity<$quantities<$($crate::typenum::Prod<D::$symbol, E>),+>, U, V>
[INFO] [stdout]     |                    ^^^^^^^^^^^^^^^^^^^^^^^^^^^^^^^^^^^^^^^^^^^^^^^^^^^^^^^^^^^^^^^^^^^^^^ the trait `Integer` is not implemented for `<<D as si::Dimension>::N as std::ops::Mul<E>>::Output`
[INFO] [stdout]     | 
[INFO] [stdout]    ::: /opt/rustwide/cargo-home/registry/src/github.com-1ecc6299db9ec823/uom-0.22.1/src/si/mod.rs:10:1
[INFO] [stdout]     |
[INFO] [stdout] 10  | / system! {
[INFO] [stdout] 11  | |     /// [International System of Quantities](http://jcgm.bipm.org/vim/en/1.6.html) (ISQ).
[INFO] [stdout] 12  | |     quantities: ISQ {
[INFO] [stdout] 13  | |         length: meter, L;
[INFO] [stdout] ...   |
[INFO] [stdout] 56  | |     }
[INFO] [stdout] 57  | | }
[INFO] [stdout]     | |_- in this macro invocation
[INFO] [stdout]     |
[INFO] [stdout]     = note: this error originates in a macro (in Nightly builds, run with -Z macro-backtrace for more info)
[INFO] [stdout] 
[INFO] [stdout] 
[INFO] [stdout] error[E0277]: the trait bound `<<D as si::Dimension>::J as std::ops::Mul<E>>::Output: Integer` is not satisfied
[INFO] [stdout]    --> /opt/rustwide/cargo-home/registry/src/github.com-1ecc6299db9ec823/uom-0.22.1/src/system.rs:740:18
[INFO] [stdout]     |
[INFO] [stdout] 230 |           pub struct Quantity<D, U, V>
[INFO] [stdout]     |                      -------- required by a bound in this
[INFO] [stdout] 231 |           where
[INFO] [stdout] 232 |               D: Dimension + ?Sized,
[INFO] [stdout]     |                  --------- required by this bound in `si::Quantity`
[INFO] [stdout] ...
[INFO] [stdout] 740 |               ) -> Quantity<$quantities<$($crate::typenum::Prod<D::$symbol, E>),+>, U, V>
[INFO] [stdout]     |                    ^^^^^^^^^^^^^^^^^^^^^^^^^^^^^^^^^^^^^^^^^^^^^^^^^^^^^^^^^^^^^^^^^^^^^^ the trait `Integer` is not implemented for `<<D as si::Dimension>::J as std::ops::Mul<E>>::Output`
[INFO] [stdout]     | 
[INFO] [stdout]    ::: /opt/rustwide/cargo-home/registry/src/github.com-1ecc6299db9ec823/uom-0.22.1/src/si/mod.rs:10:1
[INFO] [stdout]     |
[INFO] [stdout] 10  | / system! {
[INFO] [stdout] 11  | |     /// [International System of Quantities](http://jcgm.bipm.org/vim/en/1.6.html) (ISQ).
[INFO] [stdout] 12  | |     quantities: ISQ {
[INFO] [stdout] 13  | |         length: meter, L;
[INFO] [stdout] ...   |
[INFO] [stdout] 56  | |     }
[INFO] [stdout] 57  | | }
[INFO] [stdout]     | |_- in this macro invocation
[INFO] [stdout]     |
[INFO] [stdout]     = note: this error originates in a macro (in Nightly builds, run with -Z macro-backtrace for more info)
[INFO] [stdout] 
[INFO] [stdout] 
[INFO] [stdout] error[E0277]: the trait bound `<<Dl as si::Dimension>::L as std::ops::Add<<Dr as si::Dimension>::L>>::Output: Integer` is not satisfied
[INFO] [stdout]    --> /opt/rustwide/cargo-home/registry/src/github.com-1ecc6299db9ec823/uom-0.22.1/src/system.rs:418:21
[INFO] [stdout]     |
[INFO] [stdout] 230 |           pub struct Quantity<D, U, V>
[INFO] [stdout]     |                      -------- required by a bound in this
[INFO] [stdout] 231 |           where
[INFO] [stdout] 232 |               D: Dimension + ?Sized,
[INFO] [stdout]     |                  --------- required by this bound in `si::Quantity`
[INFO] [stdout] ...
[INFO] [stdout] 418 | /                     type Output = Quantity<
[INFO] [stdout] 419 | |                         $quantities<$($crate::typenum::$AddSubAlias<Dl::$symbol, Dr::$symbol>,)+>,
[INFO] [stdout] 420 | |                         Ul, V>;
[INFO] [stdout]     | |_______________________________^ the trait `Integer` is not implemented for `<<Dl as si::Dimension>::L as std::ops::Add<<Dr as si::Dimension>::L>>::Output`
[INFO] [stdout]     | 
[INFO] [stdout]    ::: /opt/rustwide/cargo-home/registry/src/github.com-1ecc6299db9ec823/uom-0.22.1/src/si/mod.rs:10:1
[INFO] [stdout]     |
[INFO] [stdout] 10  | / system! {
[INFO] [stdout] 11  | |     /// [International System of Quantities](http://jcgm.bipm.org/vim/en/1.6.html) (ISQ).
[INFO] [stdout] 12  | |     quantities: ISQ {
[INFO] [stdout] 13  | |         length: meter, L;
[INFO] [stdout] ...   |
[INFO] [stdout] 56  | |     }
[INFO] [stdout] 57  | | }
[INFO] [stdout]     | |_- in this macro invocation
[INFO] [stdout]     |
[INFO] [stdout]     = note: this error originates in a macro (in Nightly builds, run with -Z macro-backtrace for more info)
[INFO] [stdout] 
[INFO] [stdout] 
[INFO] [stdout] error[E0277]: the trait bound `<<Dl as si::Dimension>::M as std::ops::Add<<Dr as si::Dimension>::M>>::Output: Integer` is not satisfied
[INFO] [stdout]    --> /opt/rustwide/cargo-home/registry/src/github.com-1ecc6299db9ec823/uom-0.22.1/src/system.rs:418:21
[INFO] [stdout]     |
[INFO] [stdout] 230 |           pub struct Quantity<D, U, V>
[INFO] [stdout]     |                      -------- required by a bound in this
[INFO] [stdout] 231 |           where
[INFO] [stdout] 232 |               D: Dimension + ?Sized,
[INFO] [stdout]     |                  --------- required by this bound in `si::Quantity`
[INFO] [stdout] ...
[INFO] [stdout] 418 | /                     type Output = Quantity<
[INFO] [stdout] 419 | |                         $quantities<$($crate::typenum::$AddSubAlias<Dl::$symbol, Dr::$symbol>,)+>,
[INFO] [stdout] 420 | |                         Ul, V>;
[INFO] [stdout]     | |_______________________________^ the trait `Integer` is not implemented for `<<Dl as si::Dimension>::M as std::ops::Add<<Dr as si::Dimension>::M>>::Output`
[INFO] [stdout]     | 
[INFO] [stdout]    ::: /opt/rustwide/cargo-home/registry/src/github.com-1ecc6299db9ec823/uom-0.22.1/src/si/mod.rs:10:1
[INFO] [stdout]     |
[INFO] [stdout] 10  | / system! {
[INFO] [stdout] 11  | |     /// [International System of Quantities](http://jcgm.bipm.org/vim/en/1.6.html) (ISQ).
[INFO] [stdout] 12  | |     quantities: ISQ {
[INFO] [stdout] 13  | |         length: meter, L;
[INFO] [stdout] ...   |
[INFO] [stdout] 56  | |     }
[INFO] [stdout] 57  | | }
[INFO] [stdout]     | |_- in this macro invocation
[INFO] [stdout]     |
[INFO] [stdout]     = note: this error originates in a macro (in Nightly builds, run with -Z macro-backtrace for more info)
[INFO] [stdout] 
[INFO] [stdout] 
[INFO] [stdout] error[E0277]: the trait bound `<<Dl as si::Dimension>::T as std::ops::Add<<Dr as si::Dimension>::T>>::Output: Integer` is not satisfied
[INFO] [stdout]    --> /opt/rustwide/cargo-home/registry/src/github.com-1ecc6299db9ec823/uom-0.22.1/src/system.rs:418:21
[INFO] [stdout]     |
[INFO] [stdout] 230 |           pub struct Quantity<D, U, V>
[INFO] [stdout]     |                      -------- required by a bound in this
[INFO] [stdout] 231 |           where
[INFO] [stdout] 232 |               D: Dimension + ?Sized,
[INFO] [stdout]     |                  --------- required by this bound in `si::Quantity`
[INFO] [stdout] ...
[INFO] [stdout] 418 | /                     type Output = Quantity<
[INFO] [stdout] 419 | |                         $quantities<$($crate::typenum::$AddSubAlias<Dl::$symbol, Dr::$symbol>,)+>,
[INFO] [stdout] 420 | |                         Ul, V>;
[INFO] [stdout]     | |_______________________________^ the trait `Integer` is not implemented for `<<Dl as si::Dimension>::T as std::ops::Add<<Dr as si::Dimension>::T>>::Output`
[INFO] [stdout]     | 
[INFO] [stdout]    ::: /opt/rustwide/cargo-home/registry/src/github.com-1ecc6299db9ec823/uom-0.22.1/src/si/mod.rs:10:1
[INFO] [stdout]     |
[INFO] [stdout] 10  | / system! {
[INFO] [stdout] 11  | |     /// [International System of Quantities](http://jcgm.bipm.org/vim/en/1.6.html) (ISQ).
[INFO] [stdout] 12  | |     quantities: ISQ {
[INFO] [stdout] 13  | |         length: meter, L;
[INFO] [stdout] ...   |
[INFO] [stdout] 56  | |     }
[INFO] [stdout] 57  | | }
[INFO] [stdout]     | |_- in this macro invocation
[INFO] [stdout]     |
[INFO] [stdout]     = note: this error originates in a macro (in Nightly builds, run with -Z macro-backtrace for more info)
[INFO] [stdout] 
[INFO] [stdout] 
[INFO] [stdout] error[E0277]: the trait bound `<<Dl as si::Dimension>::I as std::ops::Add<<Dr as si::Dimension>::I>>::Output: Integer` is not satisfied
[INFO] [stdout]    --> /opt/rustwide/cargo-home/registry/src/github.com-1ecc6299db9ec823/uom-0.22.1/src/system.rs:418:21
[INFO] [stdout]     |
[INFO] [stdout] 230 |           pub struct Quantity<D, U, V>
[INFO] [stdout]     |                      -------- required by a bound in this
[INFO] [stdout] 231 |           where
[INFO] [stdout] 232 |               D: Dimension + ?Sized,
[INFO] [stdout]     |                  --------- required by this bound in `si::Quantity`
[INFO] [stdout] ...
[INFO] [stdout] 418 | /                     type Output = Quantity<
[INFO] [stdout] 419 | |                         $quantities<$($crate::typenum::$AddSubAlias<Dl::$symbol, Dr::$symbol>,)+>,
[INFO] [stdout] 420 | |                         Ul, V>;
[INFO] [stdout]     | |_______________________________^ the trait `Integer` is not implemented for `<<Dl as si::Dimension>::I as std::ops::Add<<Dr as si::Dimension>::I>>::Output`
[INFO] [stdout]     | 
[INFO] [stdout]    ::: /opt/rustwide/cargo-home/registry/src/github.com-1ecc6299db9ec823/uom-0.22.1/src/si/mod.rs:10:1
[INFO] [stdout]     |
[INFO] [stdout] 10  | / system! {
[INFO] [stdout] 11  | |     /// [International System of Quantities](http://jcgm.bipm.org/vim/en/1.6.html) (ISQ).
[INFO] [stdout] 12  | |     quantities: ISQ {
[INFO] [stdout] 13  | |         length: meter, L;
[INFO] [stdout] ...   |
[INFO] [stdout] 56  | |     }
[INFO] [stdout] 57  | | }
[INFO] [stdout]     | |_- in this macro invocation
[INFO] [stdout]     |
[INFO] [stdout]     = note: this error originates in a macro (in Nightly builds, run with -Z macro-backtrace for more info)
[INFO] [stdout] 
[INFO] [stdout] 
[INFO] [stdout] error[E0277]: the trait bound `<<Dl as si::Dimension>::Th as std::ops::Add<<Dr as si::Dimension>::Th>>::Output: Integer` is not satisfied
[INFO] [stdout]    --> /opt/rustwide/cargo-home/registry/src/github.com-1ecc6299db9ec823/uom-0.22.1/src/system.rs:418:21
[INFO] [stdout]     |
[INFO] [stdout] 230 |           pub struct Quantity<D, U, V>
[INFO] [stdout]     |                      -------- required by a bound in this
[INFO] [stdout] 231 |           where
[INFO] [stdout] 232 |               D: Dimension + ?Sized,
[INFO] [stdout]     |                  --------- required by this bound in `si::Quantity`
[INFO] [stdout] ...
[INFO] [stdout] 418 | /                     type Output = Quantity<
[INFO] [stdout] 419 | |                         $quantities<$($crate::typenum::$AddSubAlias<Dl::$symbol, Dr::$symbol>,)+>,
[INFO] [stdout] 420 | |                         Ul, V>;
[INFO] [stdout]     | |_______________________________^ the trait `Integer` is not implemented for `<<Dl as si::Dimension>::Th as std::ops::Add<<Dr as si::Dimension>::Th>>::Output`
[INFO] [stdout]     | 
[INFO] [stdout]    ::: /opt/rustwide/cargo-home/registry/src/github.com-1ecc6299db9ec823/uom-0.22.1/src/si/mod.rs:10:1
[INFO] [stdout]     |
[INFO] [stdout] 10  | / system! {
[INFO] [stdout] 11  | |     /// [International System of Quantities](http://jcgm.bipm.org/vim/en/1.6.html) (ISQ).
[INFO] [stdout] 12  | |     quantities: ISQ {
[INFO] [stdout] 13  | |         length: meter, L;
[INFO] [stdout] ...   |
[INFO] [stdout] 56  | |     }
[INFO] [stdout] 57  | | }
[INFO] [stdout]     | |_- in this macro invocation
[INFO] [stdout]     |
[INFO] [stdout]     = note: this error originates in a macro (in Nightly builds, run with -Z macro-backtrace for more info)
[INFO] [stdout] 
[INFO] [stdout] 
[INFO] [stdout] error[E0277]: the trait bound `<<Dl as si::Dimension>::N as std::ops::Add<<Dr as si::Dimension>::N>>::Output: Integer` is not satisfied
[INFO] [stdout]    --> /opt/rustwide/cargo-home/registry/src/github.com-1ecc6299db9ec823/uom-0.22.1/src/system.rs:418:21
[INFO] [stdout]     |
[INFO] [stdout] 230 |           pub struct Quantity<D, U, V>
[INFO] [stdout]     |                      -------- required by a bound in this
[INFO] [stdout] 231 |           where
[INFO] [stdout] 232 |               D: Dimension + ?Sized,
[INFO] [stdout]     |                  --------- required by this bound in `si::Quantity`
[INFO] [stdout] ...
[INFO] [stdout] 418 | /                     type Output = Quantity<
[INFO] [stdout] 419 | |                         $quantities<$($crate::typenum::$AddSubAlias<Dl::$symbol, Dr::$symbol>,)+>,
[INFO] [stdout] 420 | |                         Ul, V>;
[INFO] [stdout]     | |_______________________________^ the trait `Integer` is not implemented for `<<Dl as si::Dimension>::N as std::ops::Add<<Dr as si::Dimension>::N>>::Output`
[INFO] [stdout]     | 
[INFO] [stdout]    ::: /opt/rustwide/cargo-home/registry/src/github.com-1ecc6299db9ec823/uom-0.22.1/src/si/mod.rs:10:1
[INFO] [stdout]     |
[INFO] [stdout] 10  | / system! {
[INFO] [stdout] 11  | |     /// [International System of Quantities](http://jcgm.bipm.org/vim/en/1.6.html) (ISQ).
[INFO] [stdout] 12  | |     quantities: ISQ {
[INFO] [stdout] 13  | |         length: meter, L;
[INFO] [stdout] ...   |
[INFO] [stdout] 56  | |     }
[INFO] [stdout] 57  | | }
[INFO] [stdout]     | |_- in this macro invocation
[INFO] [stdout]     |
[INFO] [stdout]     = note: this error originates in a macro (in Nightly builds, run with -Z macro-backtrace for more info)
[INFO] [stdout] 
[INFO] [stdout] 
[INFO] [stdout] error[E0277]: the trait bound `<<Dl as si::Dimension>::J as std::ops::Add<<Dr as si::Dimension>::J>>::Output: Integer` is not satisfied
[INFO] [stdout]    --> /opt/rustwide/cargo-home/registry/src/github.com-1ecc6299db9ec823/uom-0.22.1/src/system.rs:418:21
[INFO] [stdout]     |
[INFO] [stdout] 230 |           pub struct Quantity<D, U, V>
[INFO] [stdout]     |                      -------- required by a bound in this
[INFO] [stdout] 231 |           where
[INFO] [stdout] 232 |               D: Dimension + ?Sized,
[INFO] [stdout]     |                  --------- required by this bound in `si::Quantity`
[INFO] [stdout] ...
[INFO] [stdout] 418 | /                     type Output = Quantity<
[INFO] [stdout] 419 | |                         $quantities<$($crate::typenum::$AddSubAlias<Dl::$symbol, Dr::$symbol>,)+>,
[INFO] [stdout] 420 | |                         Ul, V>;
[INFO] [stdout]     | |_______________________________^ the trait `Integer` is not implemented for `<<Dl as si::Dimension>::J as std::ops::Add<<Dr as si::Dimension>::J>>::Output`
[INFO] [stdout]     | 
[INFO] [stdout]    ::: /opt/rustwide/cargo-home/registry/src/github.com-1ecc6299db9ec823/uom-0.22.1/src/si/mod.rs:10:1
[INFO] [stdout]     |
[INFO] [stdout] 10  | / system! {
[INFO] [stdout] 11  | |     /// [International System of Quantities](http://jcgm.bipm.org/vim/en/1.6.html) (ISQ).
[INFO] [stdout] 12  | |     quantities: ISQ {
[INFO] [stdout] 13  | |         length: meter, L;
[INFO] [stdout] ...   |
[INFO] [stdout] 56  | |     }
[INFO] [stdout] 57  | | }
[INFO] [stdout]     | |_- in this macro invocation
[INFO] [stdout]     |
[INFO] [stdout]     = note: this error originates in a macro (in Nightly builds, run with -Z macro-backtrace for more info)
[INFO] [stdout] 
[INFO] [stdout] 
[INFO] [stdout] error[E0277]: the trait bound `<<Dl as si::Dimension>::L as std::ops::Add<<Dr as si::Dimension>::L>>::Output: Integer` is not satisfied
[INFO] [stdout]    --> /opt/rustwide/cargo-home/registry/src/github.com-1ecc6299db9ec823/uom-0.22.1/src/system.rs:423:71
[INFO] [stdout]     |
[INFO] [stdout] 230 |           pub struct Quantity<D, U, V>
[INFO] [stdout]     |                      -------- required by a bound in this
[INFO] [stdout] 231 |           where
[INFO] [stdout] 232 |               D: Dimension + ?Sized,
[INFO] [stdout]     |                  --------- required by this bound in `si::Quantity`
[INFO] [stdout] ...
[INFO] [stdout] 423 |                       fn $muldiv_fun(self, rhs: Quantity<Dr, Ur, V>) -> Self::Output {
[INFO] [stdout]     |                                                                         ^^^^^^^^^^^^ the trait `Integer` is not implemented for `<<Dl as si::Dimension>::L as std::ops::Add<<Dr as si::Dimension>::L>>::Output`
[INFO] [stdout]     | 
[INFO] [stdout]    ::: /opt/rustwide/cargo-home/registry/src/github.com-1ecc6299db9ec823/uom-0.22.1/src/si/mod.rs:10:1
[INFO] [stdout]     |
[INFO] [stdout] 10  | / system! {
[INFO] [stdout] 11  | |     /// [International System of Quantities](http://jcgm.bipm.org/vim/en/1.6.html) (ISQ).
[INFO] [stdout] 12  | |     quantities: ISQ {
[INFO] [stdout] 13  | |         length: meter, L;
[INFO] [stdout] ...   |
[INFO] [stdout] 56  | |     }
[INFO] [stdout] 57  | | }
[INFO] [stdout]     | |_- in this macro invocation
[INFO] [stdout]     |
[INFO] [stdout]     = note: this error originates in a macro (in Nightly builds, run with -Z macro-backtrace for more info)
[INFO] [stdout] 
[INFO] [stdout] 
[INFO] [stdout] error[E0277]: the trait bound `<<Dl as si::Dimension>::M as std::ops::Add<<Dr as si::Dimension>::M>>::Output: Integer` is not satisfied
[INFO] [stdout]    --> /opt/rustwide/cargo-home/registry/src/github.com-1ecc6299db9ec823/uom-0.22.1/src/system.rs:423:71
[INFO] [stdout]     |
[INFO] [stdout] 230 |           pub struct Quantity<D, U, V>
[INFO] [stdout]     |                      -------- required by a bound in this
[INFO] [stdout] 231 |           where
[INFO] [stdout] 232 |               D: Dimension + ?Sized,
[INFO] [stdout]     |                  --------- required by this bound in `si::Quantity`
[INFO] [stdout] ...
[INFO] [stdout] 423 |                       fn $muldiv_fun(self, rhs: Quantity<Dr, Ur, V>) -> Self::Output {
[INFO] [stdout]     |                                                                         ^^^^^^^^^^^^ the trait `Integer` is not implemented for `<<Dl as si::Dimension>::M as std::ops::Add<<Dr as si::Dimension>::M>>::Output`
[INFO] [stdout]     | 
[INFO] [stdout]    ::: /opt/rustwide/cargo-home/registry/src/github.com-1ecc6299db9ec823/uom-0.22.1/src/si/mod.rs:10:1
[INFO] [stdout]     |
[INFO] [stdout] 10  | / system! {
[INFO] [stdout] 11  | |     /// [International System of Quantities](http://jcgm.bipm.org/vim/en/1.6.html) (ISQ).
[INFO] [stdout] 12  | |     quantities: ISQ {
[INFO] [stdout] 13  | |         length: meter, L;
[INFO] [stdout] ...   |
[INFO] [stdout] 56  | |     }
[INFO] [stdout] 57  | | }
[INFO] [stdout]     | |_- in this macro invocation
[INFO] [stdout]     |
[INFO] [stdout]     = note: this error originates in a macro (in Nightly builds, run with -Z macro-backtrace for more info)
[INFO] [stdout] 
[INFO] [stdout] 
[INFO] [stdout] error[E0277]: the trait bound `<<Dl as si::Dimension>::T as std::ops::Add<<Dr as si::Dimension>::T>>::Output: Integer` is not satisfied
[INFO] [stdout]    --> /opt/rustwide/cargo-home/registry/src/github.com-1ecc6299db9ec823/uom-0.22.1/src/system.rs:423:71
[INFO] [stdout]     |
[INFO] [stdout] 230 |           pub struct Quantity<D, U, V>
[INFO] [stdout]     |                      -------- required by a bound in this
[INFO] [stdout] 231 |           where
[INFO] [stdout] 232 |               D: Dimension + ?Sized,
[INFO] [stdout]     |                  --------- required by this bound in `si::Quantity`
[INFO] [stdout] ...
[INFO] [stdout] 423 |                       fn $muldiv_fun(self, rhs: Quantity<Dr, Ur, V>) -> Self::Output {
[INFO] [stdout]     |                                                                         ^^^^^^^^^^^^ the trait `Integer` is not implemented for `<<Dl as si::Dimension>::T as std::ops::Add<<Dr as si::Dimension>::T>>::Output`
[INFO] [stdout]     | 
[INFO] [stdout]    ::: /opt/rustwide/cargo-home/registry/src/github.com-1ecc6299db9ec823/uom-0.22.1/src/si/mod.rs:10:1
[INFO] [stdout]     |
[INFO] [stdout] 10  | / system! {
[INFO] [stdout] 11  | |     /// [International System of Quantities](http://jcgm.bipm.org/vim/en/1.6.html) (ISQ).
[INFO] [stdout] 12  | |     quantities: ISQ {
[INFO] [stdout] 13  | |         length: meter, L;
[INFO] [stdout] ...   |
[INFO] [stdout] 56  | |     }
[INFO] [stdout] 57  | | }
[INFO] [stdout]     | |_- in this macro invocation
[INFO] [stdout]     |
[INFO] [stdout]     = note: this error originates in a macro (in Nightly builds, run with -Z macro-backtrace for more info)
[INFO] [stdout] 
[INFO] [stdout] 
[INFO] [stdout] error[E0277]: the trait bound `<<Dl as si::Dimension>::I as std::ops::Add<<Dr as si::Dimension>::I>>::Output: Integer` is not satisfied
[INFO] [stdout]    --> /opt/rustwide/cargo-home/registry/src/github.com-1ecc6299db9ec823/uom-0.22.1/src/system.rs:423:71
[INFO] [stdout]     |
[INFO] [stdout] 230 |           pub struct Quantity<D, U, V>
[INFO] [stdout]     |                      -------- required by a bound in this
[INFO] [stdout] 231 |           where
[INFO] [stdout] 232 |               D: Dimension + ?Sized,
[INFO] [stdout]     |                  --------- required by this bound in `si::Quantity`
[INFO] [stdout] ...
[INFO] [stdout] 423 |                       fn $muldiv_fun(self, rhs: Quantity<Dr, Ur, V>) -> Self::Output {
[INFO] [stdout]     |                                                                         ^^^^^^^^^^^^ the trait `Integer` is not implemented for `<<Dl as si::Dimension>::I as std::ops::Add<<Dr as si::Dimension>::I>>::Output`
[INFO] [stdout]     | 
[INFO] [stdout]    ::: /opt/rustwide/cargo-home/registry/src/github.com-1ecc6299db9ec823/uom-0.22.1/src/si/mod.rs:10:1
[INFO] [stdout]     |
[INFO] [stdout] 10  | / system! {
[INFO] [stdout] 11  | |     /// [International System of Quantities](http://jcgm.bipm.org/vim/en/1.6.html) (ISQ).
[INFO] [stdout] 12  | |     quantities: ISQ {
[INFO] [stdout] 13  | |         length: meter, L;
[INFO] [stdout] ...   |
[INFO] [stdout] 56  | |     }
[INFO] [stdout] 57  | | }
[INFO] [stdout]     | |_- in this macro invocation
[INFO] [stdout]     |
[INFO] [stdout]     = note: this error originates in a macro (in Nightly builds, run with -Z macro-backtrace for more info)
[INFO] [stdout] 
[INFO] [stdout] 
[INFO] [stdout] error[E0277]: the trait bound `<<Dl as si::Dimension>::Th as std::ops::Add<<Dr as si::Dimension>::Th>>::Output: Integer` is not satisfied
[INFO] [stdout]    --> /opt/rustwide/cargo-home/registry/src/github.com-1ecc6299db9ec823/uom-0.22.1/src/system.rs:423:71
[INFO] [stdout]     |
[INFO] [stdout] 230 |           pub struct Quantity<D, U, V>
[INFO] [stdout]     |                      -------- required by a bound in this
[INFO] [stdout] 231 |           where
[INFO] [stdout] 232 |               D: Dimension + ?Sized,
[INFO] [stdout]     |                  --------- required by this bound in `si::Quantity`
[INFO] [stdout] ...
[INFO] [stdout] 423 |                       fn $muldiv_fun(self, rhs: Quantity<Dr, Ur, V>) -> Self::Output {
[INFO] [stdout]     |                                                                         ^^^^^^^^^^^^ the trait `Integer` is not implemented for `<<Dl as si::Dimension>::Th as std::ops::Add<<Dr as si::Dimension>::Th>>::Output`
[INFO] [stdout]     | 
[INFO] [stdout]    ::: /opt/rustwide/cargo-home/registry/src/github.com-1ecc6299db9ec823/uom-0.22.1/src/si/mod.rs:10:1
[INFO] [stdout]     |
[INFO] [stdout] 10  | / system! {
[INFO] [stdout] 11  | |     /// [International System of Quantities](http://jcgm.bipm.org/vim/en/1.6.html) (ISQ).
[INFO] [stdout] 12  | |     quantities: ISQ {
[INFO] [stdout] 13  | |         length: meter, L;
[INFO] [stdout] ...   |
[INFO] [stdout] 56  | |     }
[INFO] [stdout] 57  | | }
[INFO] [stdout]     | |_- in this macro invocation
[INFO] [stdout]     |
[INFO] [stdout]     = note: this error originates in a macro (in Nightly builds, run with -Z macro-backtrace for more info)
[INFO] [stdout] 
[INFO] [stdout] 
[INFO] [stdout] error[E0277]: the trait bound `<<Dl as si::Dimension>::N as std::ops::Add<<Dr as si::Dimension>::N>>::Output: Integer` is not satisfied
[INFO] [stdout]    --> /opt/rustwide/cargo-home/registry/src/github.com-1ecc6299db9ec823/uom-0.22.1/src/system.rs:423:71
[INFO] [stdout]     |
[INFO] [stdout] 230 |           pub struct Quantity<D, U, V>
[INFO] [stdout]     |                      -------- required by a bound in this
[INFO] [stdout] 231 |           where
[INFO] [stdout] 232 |               D: Dimension + ?Sized,
[INFO] [stdout]     |                  --------- required by this bound in `si::Quantity`
[INFO] [stdout] ...
[INFO] [stdout] 423 |                       fn $muldiv_fun(self, rhs: Quantity<Dr, Ur, V>) -> Self::Output {
[INFO] [stdout]     |                                                                         ^^^^^^^^^^^^ the trait `Integer` is not implemented for `<<Dl as si::Dimension>::N as std::ops::Add<<Dr as si::Dimension>::N>>::Output`
[INFO] [stdout]     | 
[INFO] [stdout]    ::: /opt/rustwide/cargo-home/registry/src/github.com-1ecc6299db9ec823/uom-0.22.1/src/si/mod.rs:10:1
[INFO] [stdout]     |
[INFO] [stdout] 10  | / system! {
[INFO] [stdout] 11  | |     /// [International System of Quantities](http://jcgm.bipm.org/vim/en/1.6.html) (ISQ).
[INFO] [stdout] 12  | |     quantities: ISQ {
[INFO] [stdout] 13  | |         length: meter, L;
[INFO] [stdout] ...   |
[INFO] [stdout] 56  | |     }
[INFO] [stdout] 57  | | }
[INFO] [stdout]     | |_- in this macro invocation
[INFO] [stdout]     |
[INFO] [stdout]     = note: this error originates in a macro (in Nightly builds, run with -Z macro-backtrace for more info)
[INFO] [stdout] 
[INFO] [stdout] 
[INFO] [stdout] error[E0277]: the trait bound `<<Dl as si::Dimension>::J as std::ops::Add<<Dr as si::Dimension>::J>>::Output: Integer` is not satisfied
[INFO] [stdout]    --> /opt/rustwide/cargo-home/registry/src/github.com-1ecc6299db9ec823/uom-0.22.1/src/system.rs:423:71
[INFO] [stdout]     |
[INFO] [stdout] 230 |           pub struct Quantity<D, U, V>
[INFO] [stdout]     |                      -------- required by a bound in this
[INFO] [stdout] 231 |           where
[INFO] [stdout] 232 |               D: Dimension + ?Sized,
[INFO] [stdout]     |                  --------- required by this bound in `si::Quantity`
[INFO] [stdout] ...
[INFO] [stdout] 423 |                       fn $muldiv_fun(self, rhs: Quantity<Dr, Ur, V>) -> Self::Output {
[INFO] [stdout]     |                                                                         ^^^^^^^^^^^^ the trait `Integer` is not implemented for `<<Dl as si::Dimension>::J as std::ops::Add<<Dr as si::Dimension>::J>>::Output`
[INFO] [stdout]     | 
[INFO] [stdout]    ::: /opt/rustwide/cargo-home/registry/src/github.com-1ecc6299db9ec823/uom-0.22.1/src/si/mod.rs:10:1
[INFO] [stdout]     |
[INFO] [stdout] 10  | / system! {
[INFO] [stdout] 11  | |     /// [International System of Quantities](http://jcgm.bipm.org/vim/en/1.6.html) (ISQ).
[INFO] [stdout] 12  | |     quantities: ISQ {
[INFO] [stdout] 13  | |         length: meter, L;
[INFO] [stdout] ...   |
[INFO] [stdout] 56  | |     }
[INFO] [stdout] 57  | | }
[INFO] [stdout]     | |_- in this macro invocation
[INFO] [stdout]     |
[INFO] [stdout]     = note: this error originates in a macro (in Nightly builds, run with -Z macro-backtrace for more info)
[INFO] [stdout] 
[INFO] [stdout] 
[INFO] [stdout] error[E0277]: the trait bound `<Z0 as std::ops::Add<<D as si::Dimension>::L>>::Output: Integer` is not satisfied
[INFO] [stdout]    --> /opt/rustwide/cargo-home/registry/src/github.com-1ecc6299db9ec823/uom-0.22.1/src/system.rs:503:29
[INFO] [stdout]     |
[INFO] [stdout] 230 |           pub struct Quantity<D, U, V>
[INFO] [stdout]     |                      -------- required by a bound in this
[INFO] [stdout] 231 |           where
[INFO] [stdout] 232 |               D: Dimension + ?Sized,
[INFO] [stdout]     |                  --------- required by this bound in `si::Quantity`
[INFO] [stdout] ...
[INFO] [stdout] 503 | /                             type Output = Quantity<
[INFO] [stdout] 504 | |                                 $quantities<
[INFO] [stdout] 505 | |                                     $($crate::typenum::$AddSubAlias<
[INFO] [stdout] 506 | |                                       $crate::typenum::Z0,
[INFO] [stdout] 507 | |                                       D::$symbol>,)+>,
[INFO] [stdout] 508 | |                                 U, V>;
[INFO] [stdout]     | |______________________________________^ the trait `Integer` is not implemented for `<Z0 as std::ops::Add<<D as si::Dimension>::L>>::Output`
[INFO] [stdout]     | 
[INFO] [stdout]    ::: /opt/rustwide/cargo-home/registry/src/github.com-1ecc6299db9ec823/uom-0.22.1/src/si/mod.rs:10:1
[INFO] [stdout]     |
[INFO] [stdout] 10  | / system! {
[INFO] [stdout] 11  | |     /// [International System of Quantities](http://jcgm.bipm.org/vim/en/1.6.html) (ISQ).
[INFO] [stdout] 12  | |     quantities: ISQ {
[INFO] [stdout] 13  | |         length: meter, L;
[INFO] [stdout] ...   |
[INFO] [stdout] 56  | |     }
[INFO] [stdout] 57  | | }
[INFO] [stdout]     | |_- in this macro invocation
[INFO] [stdout]     |
[INFO] [stdout]     = note: this error originates in a macro (in Nightly builds, run with -Z macro-backtrace for more info)
[INFO] [stdout] 
[INFO] [stdout] 
[INFO] [stdout] error[E0277]: the trait bound `<Z0 as std::ops::Add<<D as si::Dimension>::M>>::Output: Integer` is not satisfied
[INFO] [stdout]    --> /opt/rustwide/cargo-home/registry/src/github.com-1ecc6299db9ec823/uom-0.22.1/src/system.rs:503:29
[INFO] [stdout]     |
[INFO] [stdout] 230 |           pub struct Quantity<D, U, V>
[INFO] [stdout]     |                      -------- required by a bound in this
[INFO] [stdout] 231 |           where
[INFO] [stdout] 232 |               D: Dimension + ?Sized,
[INFO] [stdout]     |                  --------- required by this bound in `si::Quantity`
[INFO] [stdout] ...
[INFO] [stdout] 503 | /                             type Output = Quantity<
[INFO] [stdout] 504 | |                                 $quantities<
[INFO] [stdout] 505 | |                                     $($crate::typenum::$AddSubAlias<
[INFO] [stdout] 506 | |                                       $crate::typenum::Z0,
[INFO] [stdout] 507 | |                                       D::$symbol>,)+>,
[INFO] [stdout] 508 | |                                 U, V>;
[INFO] [stdout]     | |______________________________________^ the trait `Integer` is not implemented for `<Z0 as std::ops::Add<<D as si::Dimension>::M>>::Output`
[INFO] [stdout]     | 
[INFO] [stdout]    ::: /opt/rustwide/cargo-home/registry/src/github.com-1ecc6299db9ec823/uom-0.22.1/src/si/mod.rs:10:1
[INFO] [stdout]     |
[INFO] [stdout] 10  | / system! {
[INFO] [stdout] 11  | |     /// [International System of Quantities](http://jcgm.bipm.org/vim/en/1.6.html) (ISQ).
[INFO] [stdout] 12  | |     quantities: ISQ {
[INFO] [stdout] 13  | |         length: meter, L;
[INFO] [stdout] ...   |
[INFO] [stdout] 56  | |     }
[INFO] [stdout] 57  | | }
[INFO] [stdout]     | |_- in this macro invocation
[INFO] [stdout]     |
[INFO] [stdout]     = note: this error originates in a macro (in Nightly builds, run with -Z macro-backtrace for more info)
[INFO] [stdout] 
[INFO] [stdout] 
[INFO] [stdout] error[E0277]: the trait bound `<Z0 as std::ops::Add<<D as si::Dimension>::T>>::Output: Integer` is not satisfied
[INFO] [stdout]    --> /opt/rustwide/cargo-home/registry/src/github.com-1ecc6299db9ec823/uom-0.22.1/src/system.rs:503:29
[INFO] [stdout]     |
[INFO] [stdout] 230 |           pub struct Quantity<D, U, V>
[INFO] [stdout]     |                      -------- required by a bound in this
[INFO] [stdout] 231 |           where
[INFO] [stdout] 232 |               D: Dimension + ?Sized,
[INFO] [stdout]     |                  --------- required by this bound in `si::Quantity`
[INFO] [stdout] ...
[INFO] [stdout] 503 | /                             type Output = Quantity<
[INFO] [stdout] 504 | |                                 $quantities<
[INFO] [stdout] 505 | |                                     $($crate::typenum::$AddSubAlias<
[INFO] [stdout] 506 | |                                       $crate::typenum::Z0,
[INFO] [stdout] 507 | |                                       D::$symbol>,)+>,
[INFO] [stdout] 508 | |                                 U, V>;
[INFO] [stdout]     | |______________________________________^ the trait `Integer` is not implemented for `<Z0 as std::ops::Add<<D as si::Dimension>::T>>::Output`
[INFO] [stdout]     | 
[INFO] [stdout]    ::: /opt/rustwide/cargo-home/registry/src/github.com-1ecc6299db9ec823/uom-0.22.1/src/si/mod.rs:10:1
[INFO] [stdout]     |
[INFO] [stdout] 10  | / system! {
[INFO] [stdout] 11  | |     /// [International System of Quantities](http://jcgm.bipm.org/vim/en/1.6.html) (ISQ).
[INFO] [stdout] 12  | |     quantities: ISQ {
[INFO] [stdout] 13  | |         length: meter, L;
[INFO] [stdout] ...   |
[INFO] [stdout] 56  | |     }
[INFO] [stdout] 57  | | }
[INFO] [stdout]     | |_- in this macro invocation
[INFO] [stdout]     |
[INFO] [stdout]     = note: this error originates in a macro (in Nightly builds, run with -Z macro-backtrace for more info)
[INFO] [stdout] 
[INFO] [stdout] 
[INFO] [stdout] error[E0277]: the trait bound `<Z0 as std::ops::Add<<D as si::Dimension>::I>>::Output: Integer` is not satisfied
[INFO] [stdout]    --> /opt/rustwide/cargo-home/registry/src/github.com-1ecc6299db9ec823/uom-0.22.1/src/system.rs:503:29
[INFO] [stdout]     |
[INFO] [stdout] 230 |           pub struct Quantity<D, U, V>
[INFO] [stdout]     |                      -------- required by a bound in this
[INFO] [stdout] 231 |           where
[INFO] [stdout] 232 |               D: Dimension + ?Sized,
[INFO] [stdout]     |                  --------- required by this bound in `si::Quantity`
[INFO] [stdout] ...
[INFO] [stdout] 503 | /                             type Output = Quantity<
[INFO] [stdout] 504 | |                                 $quantities<
[INFO] [stdout] 505 | |                                     $($crate::typenum::$AddSubAlias<
[INFO] [stdout] 506 | |                                       $crate::typenum::Z0,
[INFO] [stdout] 507 | |                                       D::$symbol>,)+>,
[INFO] [stdout] 508 | |                                 U, V>;
[INFO] [stdout]     | |______________________________________^ the trait `Integer` is not implemented for `<Z0 as std::ops::Add<<D as si::Dimension>::I>>::Output`
[INFO] [stdout]     | 
[INFO] [stdout]    ::: /opt/rustwide/cargo-home/registry/src/github.com-1ecc6299db9ec823/uom-0.22.1/src/si/mod.rs:10:1
[INFO] [stdout]     |
[INFO] [stdout] 10  | / system! {
[INFO] [stdout] 11  | |     /// [International System of Quantities](http://jcgm.bipm.org/vim/en/1.6.html) (ISQ).
[INFO] [stdout] 12  | |     quantities: ISQ {
[INFO] [stdout] 13  | |         length: meter, L;
[INFO] [stdout] ...   |
[INFO] [stdout] 56  | |     }
[INFO] [stdout] 57  | | }
[INFO] [stdout]     | |_- in this macro invocation
[INFO] [stdout]     |
[INFO] [stdout]     = note: this error originates in a macro (in Nightly builds, run with -Z macro-backtrace for more info)
[INFO] [stdout] 
[INFO] [stdout] 
[INFO] [stdout] error[E0277]: the trait bound `<Z0 as std::ops::Add<<D as si::Dimension>::Th>>::Output: Integer` is not satisfied
[INFO] [stdout]    --> /opt/rustwide/cargo-home/registry/src/github.com-1ecc6299db9ec823/uom-0.22.1/src/system.rs:503:29
[INFO] [stdout]     |
[INFO] [stdout] 230 |           pub struct Quantity<D, U, V>
[INFO] [stdout]     |                      -------- required by a bound in this
[INFO] [stdout] 231 |           where
[INFO] [stdout] 232 |               D: Dimension + ?Sized,
[INFO] [stdout]     |                  --------- required by this bound in `si::Quantity`
[INFO] [stdout] ...
[INFO] [stdout] 503 | /                             type Output = Quantity<
[INFO] [stdout] 504 | |                                 $quantities<
[INFO] [stdout] 505 | |                                     $($crate::typenum::$AddSubAlias<
[INFO] [stdout] 506 | |                                       $crate::typenum::Z0,
[INFO] [stdout] 507 | |                                       D::$symbol>,)+>,
[INFO] [stdout] 508 | |                                 U, V>;
[INFO] [stdout]     | |______________________________________^ the trait `Integer` is not implemented for `<Z0 as std::ops::Add<<D as si::Dimension>::Th>>::Output`
[INFO] [stdout]     | 
[INFO] [stdout]    ::: /opt/rustwide/cargo-home/registry/src/github.com-1ecc6299db9ec823/uom-0.22.1/src/si/mod.rs:10:1
[INFO] [stdout]     |
[INFO] [stdout] 10  | / system! {
[INFO] [stdout] 11  | |     /// [International System of Quantities](http://jcgm.bipm.org/vim/en/1.6.html) (ISQ).
[INFO] [stdout] 12  | |     quantities: ISQ {
[INFO] [stdout] 13  | |         length: meter, L;
[INFO] [stdout] ...   |
[INFO] [stdout] 56  | |     }
[INFO] [stdout] 57  | | }
[INFO] [stdout]     | |_- in this macro invocation
[INFO] [stdout]     |
[INFO] [stdout]     = note: this error originates in a macro (in Nightly builds, run with -Z macro-backtrace for more info)
[INFO] [stdout] 
[INFO] [stdout] 
[INFO] [stdout] error[E0277]: the trait bound `<Z0 as std::ops::Add<<D as si::Dimension>::N>>::Output: Integer` is not satisfied
[INFO] [stdout]    --> /opt/rustwide/cargo-home/registry/src/github.com-1ecc6299db9ec823/uom-0.22.1/src/system.rs:503:29
[INFO] [stdout]     |
[INFO] [stdout] 230 |           pub struct Quantity<D, U, V>
[INFO] [stdout]     |                      -------- required by a bound in this
[INFO] [stdout] 231 |           where
[INFO] [stdout] 232 |               D: Dimension + ?Sized,
[INFO] [stdout]     |                  --------- required by this bound in `si::Quantity`
[INFO] [stdout] ...
[INFO] [stdout] 503 | /                             type Output = Quantity<
[INFO] [stdout] 504 | |                                 $quantities<
[INFO] [stdout] 505 | |                                     $($crate::typenum::$AddSubAlias<
[INFO] [stdout] 506 | |                                       $crate::typenum::Z0,
[INFO] [stdout] 507 | |                                       D::$symbol>,)+>,
[INFO] [stdout] 508 | |                                 U, V>;
[INFO] [stdout]     | |______________________________________^ the trait `Integer` is not implemented for `<Z0 as std::ops::Add<<D as si::Dimension>::N>>::Output`
[INFO] [stdout]     | 
[INFO] [stdout]    ::: /opt/rustwide/cargo-home/registry/src/github.com-1ecc6299db9ec823/uom-0.22.1/src/si/mod.rs:10:1
[INFO] [stdout]     |
[INFO] [stdout] 10  | / system! {
[INFO] [stdout] 11  | |     /// [International System of Quantities](http://jcgm.bipm.org/vim/en/1.6.html) (ISQ).
[INFO] [stdout] 12  | |     quantities: ISQ {
[INFO] [stdout] 13  | |         length: meter, L;
[INFO] [stdout] ...   |
[INFO] [stdout] 56  | |     }
[INFO] [stdout] 57  | | }
[INFO] [stdout]     | |_- in this macro invocation
[INFO] [stdout]     |
[INFO] [stdout]     = note: this error originates in a macro (in Nightly builds, run with -Z macro-backtrace for more info)
[INFO] [stdout] 
[INFO] [stdout] 
[INFO] [stdout] error[E0277]: the trait bound `<Z0 as std::ops::Add<<D as si::Dimension>::J>>::Output: Integer` is not satisfied
[INFO] [stdout]    --> /opt/rustwide/cargo-home/registry/src/github.com-1ecc6299db9ec823/uom-0.22.1/src/system.rs:503:29
[INFO] [stdout]     |
[INFO] [stdout] 230 |           pub struct Quantity<D, U, V>
[INFO] [stdout]     |                      -------- required by a bound in this
[INFO] [stdout] 231 |           where
[INFO] [stdout] 232 |               D: Dimension + ?Sized,
[INFO] [stdout]     |                  --------- required by this bound in `si::Quantity`
[INFO] [stdout] ...
[INFO] [stdout] 503 | /                             type Output = Quantity<
[INFO] [stdout] 504 | |                                 $quantities<
[INFO] [stdout] 505 | |                                     $($crate::typenum::$AddSubAlias<
[INFO] [stdout] 506 | |                                       $crate::typenum::Z0,
[INFO] [stdout] 507 | |                                       D::$symbol>,)+>,
[INFO] [stdout] 508 | |                                 U, V>;
[INFO] [stdout]     | |______________________________________^ the trait `Integer` is not implemented for `<Z0 as std::ops::Add<<D as si::Dimension>::J>>::Output`
[INFO] [stdout]     | 
[INFO] [stdout]    ::: /opt/rustwide/cargo-home/registry/src/github.com-1ecc6299db9ec823/uom-0.22.1/src/si/mod.rs:10:1
[INFO] [stdout]     |
[INFO] [stdout] 10  | / system! {
[INFO] [stdout] 11  | |     /// [International System of Quantities](http://jcgm.bipm.org/vim/en/1.6.html) (ISQ).
[INFO] [stdout] 12  | |     quantities: ISQ {
[INFO] [stdout] 13  | |         length: meter, L;
[INFO] [stdout] ...   |
[INFO] [stdout] 56  | |     }
[INFO] [stdout] 57  | | }
[INFO] [stdout]     | |_- in this macro invocation
[INFO] [stdout]     |
[INFO] [stdout]     = note: this error originates in a macro (in Nightly builds, run with -Z macro-backtrace for more info)
[INFO] [stdout] 
[INFO] [stdout] 
[INFO] [stdout] error[E0277]: the trait bound `<Z0 as std::ops::Add<<D as si::Dimension>::L>>::Output: Integer` is not satisfied
[INFO] [stdout]    --> /opt/rustwide/cargo-home/registry/src/github.com-1ecc6299db9ec823/uom-0.22.1/src/system.rs:511:77
[INFO] [stdout]     |
[INFO] [stdout] 230 |           pub struct Quantity<D, U, V>
[INFO] [stdout]     |                      -------- required by a bound in this
[INFO] [stdout] 231 |           where
[INFO] [stdout] 232 |               D: Dimension + ?Sized,
[INFO] [stdout]     |                  --------- required by this bound in `si::Quantity`
[INFO] [stdout] ...
[INFO] [stdout] 511 |                               fn $muldiv_fun(self, rhs: Quantity<D, U, V>) -> Self::Output {
[INFO] [stdout]     |                                                                               ^^^^^^^^^^^^ the trait `Integer` is not implemented for `<Z0 as std::ops::Add<<D as si::Dimension>::L>>::Output`
[INFO] [stdout]     | 
[INFO] [stdout]    ::: /opt/rustwide/cargo-home/registry/src/github.com-1ecc6299db9ec823/uom-0.22.1/src/si/mod.rs:10:1
[INFO] [stdout]     |
[INFO] [stdout] 10  | / system! {
[INFO] [stdout] 11  | |     /// [International System of Quantities](http://jcgm.bipm.org/vim/en/1.6.html) (ISQ).
[INFO] [stdout] 12  | |     quantities: ISQ {
[INFO] [stdout] 13  | |         length: meter, L;
[INFO] [stdout] ...   |
[INFO] [stdout] 56  | |     }
[INFO] [stdout] 57  | | }
[INFO] [stdout]     | |_- in this macro invocation
[INFO] [stdout]     |
[INFO] [stdout]     = note: this error originates in a macro (in Nightly builds, run with -Z macro-backtrace for more info)
[INFO] [stdout] 
[INFO] [stdout] 
[INFO] [stdout] error[E0277]: the trait bound `<Z0 as std::ops::Add<<D as si::Dimension>::M>>::Output: Integer` is not satisfied
[INFO] [stdout]    --> /opt/rustwide/cargo-home/registry/src/github.com-1ecc6299db9ec823/uom-0.22.1/src/system.rs:511:77
[INFO] [stdout]     |
[INFO] [stdout] 230 |           pub struct Quantity<D, U, V>
[INFO] [stdout]     |                      -------- required by a bound in this
[INFO] [stdout] 231 |           where
[INFO] [stdout] 232 |               D: Dimension + ?Sized,
[INFO] [stdout]     |                  --------- required by this bound in `si::Quantity`
[INFO] [stdout] ...
[INFO] [stdout] 511 |                               fn $muldiv_fun(self, rhs: Quantity<D, U, V>) -> Self::Output {
[INFO] [stdout]     |                                                                               ^^^^^^^^^^^^ the trait `Integer` is not implemented for `<Z0 as std::ops::Add<<D as si::Dimension>::M>>::Output`
[INFO] [stdout]     | 
[INFO] [stdout]    ::: /opt/rustwide/cargo-home/registry/src/github.com-1ecc6299db9ec823/uom-0.22.1/src/si/mod.rs:10:1
[INFO] [stdout]     |
[INFO] [stdout] 10  | / system! {
[INFO] [stdout] 11  | |     /// [International System of Quantities](http://jcgm.bipm.org/vim/en/1.6.html) (ISQ).
[INFO] [stdout] 12  | |     quantities: ISQ {
[INFO] [stdout] 13  | |         length: meter, L;
[INFO] [stdout] ...   |
[INFO] [stdout] 56  | |     }
[INFO] [stdout] 57  | | }
[INFO] [stdout]     | |_- in this macro invocation
[INFO] [stdout]     |
[INFO] [stdout]     = note: this error originates in a macro (in Nightly builds, run with -Z macro-backtrace for more info)
[INFO] [stdout] 
[INFO] [stdout] 
[INFO] [stdout] error[E0277]: the trait bound `<Z0 as std::ops::Add<<D as si::Dimension>::T>>::Output: Integer` is not satisfied
[INFO] [stdout]    --> /opt/rustwide/cargo-home/registry/src/github.com-1ecc6299db9ec823/uom-0.22.1/src/system.rs:511:77
[INFO] [stdout]     |
[INFO] [stdout] 230 |           pub struct Quantity<D, U, V>
[INFO] [stdout]     |                      -------- required by a bound in this
[INFO] [stdout] 231 |           where
[INFO] [stdout] 232 |               D: Dimension + ?Sized,
[INFO] [stdout]     |                  --------- required by this bound in `si::Quantity`
[INFO] [stdout] ...
[INFO] [stdout] 511 |                               fn $muldiv_fun(self, rhs: Quantity<D, U, V>) -> Self::Output {
[INFO] [stdout]     |                                                                               ^^^^^^^^^^^^ the trait `Integer` is not implemented for `<Z0 as std::ops::Add<<D as si::Dimension>::T>>::Output`
[INFO] [stdout]     | 
[INFO] [stdout]    ::: /opt/rustwide/cargo-home/registry/src/github.com-1ecc6299db9ec823/uom-0.22.1/src/si/mod.rs:10:1
[INFO] [stdout]     |
[INFO] [stdout] 10  | / system! {
[INFO] [stdout] 11  | |     /// [International System of Quantities](http://jcgm.bipm.org/vim/en/1.6.html) (ISQ).
[INFO] [stdout] 12  | |     quantities: ISQ {
[INFO] [stdout] 13  | |         length: meter, L;
[INFO] [stdout] ...   |
[INFO] [stdout] 56  | |     }
[INFO] [stdout] 57  | | }
[INFO] [stdout]     | |_- in this macro invocation
[INFO] [stdout]     |
[INFO] [stdout]     = note: this error originates in a macro (in Nightly builds, run with -Z macro-backtrace for more info)
[INFO] [stdout] 
[INFO] [stdout] 
[INFO] [stdout] error[E0277]: the trait bound `<Z0 as std::ops::Add<<D as si::Dimension>::I>>::Output: Integer` is not satisfied
[INFO] [stdout]    --> /opt/rustwide/cargo-home/registry/src/github.com-1ecc6299db9ec823/uom-0.22.1/src/system.rs:511:77
[INFO] [stdout]     |
[INFO] [stdout] 230 |           pub struct Quantity<D, U, V>
[INFO] [stdout]     |                      -------- required by a bound in this
[INFO] [stdout] 231 |           where
[INFO] [stdout] 232 |               D: Dimension + ?Sized,
[INFO] [stdout]     |                  --------- required by this bound in `si::Quantity`
[INFO] [stdout] ...
[INFO] [stdout] 511 |                               fn $muldiv_fun(self, rhs: Quantity<D, U, V>) -> Self::Output {
[INFO] [stdout]     |                                                                               ^^^^^^^^^^^^ the trait `Integer` is not implemented for `<Z0 as std::ops::Add<<D as si::Dimension>::I>>::Output`
[INFO] [stdout]     | 
[INFO] [stdout]    ::: /opt/rustwide/cargo-home/registry/src/github.com-1ecc6299db9ec823/uom-0.22.1/src/si/mod.rs:10:1
[INFO] [stdout]     |
[INFO] [stdout] 10  | / system! {
[INFO] [stdout] 11  | |     /// [International System of Quantities](http://jcgm.bipm.org/vim/en/1.6.html) (ISQ).
[INFO] [stdout] 12  | |     quantities: ISQ {
[INFO] [stdout] 13  | |         length: meter, L;
[INFO] [stdout] ...   |
[INFO] [stdout] 56  | |     }
[INFO] [stdout] 57  | | }
[INFO] [stdout]     | |_- in this macro invocation
[INFO] [stdout]     |
[INFO] [stdout]     = note: this error originates in a macro (in Nightly builds, run with -Z macro-backtrace for more info)
[INFO] [stdout] 
[INFO] [stdout] 
[INFO] [stdout] error[E0277]: the trait bound `<Z0 as std::ops::Add<<D as si::Dimension>::Th>>::Output: Integer` is not satisfied
[INFO] [stdout]    --> /opt/rustwide/cargo-home/registry/src/github.com-1ecc6299db9ec823/uom-0.22.1/src/system.rs:511:77
[INFO] [stdout]     |
[INFO] [stdout] 230 |           pub struct Quantity<D, U, V>
[INFO] [stdout]     |                      -------- required by a bound in this
[INFO] [stdout] 231 |           where
[INFO] [stdout] 232 |               D: Dimension + ?Sized,
[INFO] [stdout]     |                  --------- required by this bound in `si::Quantity`
[INFO] [stdout] ...
[INFO] [stdout] 511 |                               fn $muldiv_fun(self, rhs: Quantity<D, U, V>) -> Self::Output {
[INFO] [stdout]     |                                                                               ^^^^^^^^^^^^ the trait `Integer` is not implemented for `<Z0 as std::ops::Add<<D as si::Dimension>::Th>>::Output`
[INFO] [stdout]     | 
[INFO] [stdout]    ::: /opt/rustwide/cargo-home/registry/src/github.com-1ecc6299db9ec823/uom-0.22.1/src/si/mod.rs:10:1
[INFO] [stdout]     |
[INFO] [stdout] 10  | / system! {
[INFO] [stdout] 11  | |     /// [International System of Quantities](http://jcgm.bipm.org/vim/en/1.6.html) (ISQ).
[INFO] [stdout] 12  | |     quantities: ISQ {
[INFO] [stdout] 13  | |         length: meter, L;
[INFO] [stdout] ...   |
[INFO] [stdout] 56  | |     }
[INFO] [stdout] 57  | | }
[INFO] [stdout]     | |_- in this macro invocation
[INFO] [stdout]     |
[INFO] [stdout]     = note: this error originates in a macro (in Nightly builds, run with -Z macro-backtrace for more info)
[INFO] [stdout] 
[INFO] [stdout] 
[INFO] [stdout] error[E0277]: the trait bound `<Z0 as std::ops::Add<<D as si::Dimension>::N>>::Output: Integer` is not satisfied
[INFO] [stdout]    --> /opt/rustwide/cargo-home/registry/src/github.com-1ecc6299db9ec823/uom-0.22.1/src/system.rs:511:77
[INFO] [stdout]     |
[INFO] [stdout] 230 |           pub struct Quantity<D, U, V>
[INFO] [stdout]     |                      -------- required by a bound in this
[INFO] [stdout] 231 |           where
[INFO] [stdout] 232 |               D: Dimension + ?Sized,
[INFO] [stdout]     |                  --------- required by this bound in `si::Quantity`
[INFO] [stdout] ...
[INFO] [stdout] 511 |                               fn $muldiv_fun(self, rhs: Quantity<D, U, V>) -> Self::Output {
[INFO] [stdout]     |                                                                               ^^^^^^^^^^^^ the trait `Integer` is not implemented for `<Z0 as std::ops::Add<<D as si::Dimension>::N>>::Output`
[INFO] [stdout]     | 
[INFO] [stdout]    ::: /opt/rustwide/cargo-home/registry/src/github.com-1ecc6299db9ec823/uom-0.22.1/src/si/mod.rs:10:1
[INFO] [stdout]     |
[INFO] [stdout] 10  | / system! {
[INFO] [stdout] 11  | |     /// [International System of Quantities](http://jcgm.bipm.org/vim/en/1.6.html) (ISQ).
[INFO] [stdout] 12  | |     quantities: ISQ {
[INFO] [stdout] 13  | |         length: meter, L;
[INFO] [stdout] ...   |
[INFO] [stdout] 56  | |     }
[INFO] [stdout] 57  | | }
[INFO] [stdout]     | |_- in this macro invocation
[INFO] [stdout]     |
[INFO] [stdout]     = note: this error originates in a macro (in Nightly builds, run with -Z macro-backtrace for more info)
[INFO] [stdout] 
[INFO] [stdout] 
[INFO] [stdout] error[E0277]: the trait bound `<Z0 as std::ops::Add<<D as si::Dimension>::J>>::Output: Integer` is not satisfied
[INFO] [stdout]    --> /opt/rustwide/cargo-home/registry/src/github.com-1ecc6299db9ec823/uom-0.22.1/src/system.rs:511:77
[INFO] [stdout]     |
[INFO] [stdout] 230 |           pub struct Quantity<D, U, V>
[INFO] [stdout]     |                      -------- required by a bound in this
[INFO] [stdout] 231 |           where
[INFO] [stdout] 232 |               D: Dimension + ?Sized,
[INFO] [stdout]     |                  --------- required by this bound in `si::Quantity`
[INFO] [stdout] ...
[INFO] [stdout] 511 |                               fn $muldiv_fun(self, rhs: Quantity<D, U, V>) -> Self::Output {
[INFO] [stdout]     |                                                                               ^^^^^^^^^^^^ the trait `Integer` is not implemented for `<Z0 as std::ops::Add<<D as si::Dimension>::J>>::Output`
[INFO] [stdout]     | 
[INFO] [stdout]    ::: /opt/rustwide/cargo-home/registry/src/github.com-1ecc6299db9ec823/uom-0.22.1/src/si/mod.rs:10:1
[INFO] [stdout]     |
[INFO] [stdout] 10  | / system! {
[INFO] [stdout] 11  | |     /// [International System of Quantities](http://jcgm.bipm.org/vim/en/1.6.html) (ISQ).
[INFO] [stdout] 12  | |     quantities: ISQ {
[INFO] [stdout] 13  | |         length: meter, L;
[INFO] [stdout] ...   |
[INFO] [stdout] 56  | |     }
[INFO] [stdout] 57  | | }
[INFO] [stdout]     | |_- in this macro invocation
[INFO] [stdout]     |
[INFO] [stdout]     = note: this error originates in a macro (in Nightly builds, run with -Z macro-backtrace for more info)
[INFO] [stdout] 
[INFO] [stdout] 
[INFO] [stdout] error[E0277]: the trait bound `<<Dl as si::Dimension>::L as std::ops::Sub<<Dr as si::Dimension>::L>>::Output: Integer` is not satisfied
[INFO] [stdout]    --> /opt/rustwide/cargo-home/registry/src/github.com-1ecc6299db9ec823/uom-0.22.1/src/system.rs:418:21
[INFO] [stdout]     |
[INFO] [stdout] 230 |           pub struct Quantity<D, U, V>
[INFO] [stdout]     |                      -------- required by a bound in this
[INFO] [stdout] 231 |           where
[INFO] [stdout] 232 |               D: Dimension + ?Sized,
[INFO] [stdout]     |                  --------- required by this bound in `si::Quantity`
[INFO] [stdout] ...
[INFO] [stdout] 418 | /                     type Output = Quantity<
[INFO] [stdout] 419 | |                         $quantities<$($crate::typenum::$AddSubAlias<Dl::$symbol, Dr::$symbol>,)+>,
[INFO] [stdout] 420 | |                         Ul, V>;
[INFO] [stdout]     | |_______________________________^ the trait `Integer` is not implemented for `<<Dl as si::Dimension>::L as std::ops::Sub<<Dr as si::Dimension>::L>>::Output`
[INFO] [stdout]     | 
[INFO] [stdout]    ::: /opt/rustwide/cargo-home/registry/src/github.com-1ecc6299db9ec823/uom-0.22.1/src/si/mod.rs:10:1
[INFO] [stdout]     |
[INFO] [stdout] 10  | / system! {
[INFO] [stdout] 11  | |     /// [International System of Quantities](http://jcgm.bipm.org/vim/en/1.6.html) (ISQ).
[INFO] [stdout] 12  | |     quantities: ISQ {
[INFO] [stdout] 13  | |         length: meter, L;
[INFO] [stdout] ...   |
[INFO] [stdout] 56  | |     }
[INFO] [stdout] 57  | | }
[INFO] [stdout]     | |_- in this macro invocation
[INFO] [stdout]     |
[INFO] [stdout]     = note: this error originates in a macro (in Nightly builds, run with -Z macro-backtrace for more info)
[INFO] [stdout] 
[INFO] [stdout] 
[INFO] [stdout] error[E0277]: the trait bound `<<Dl as si::Dimension>::M as std::ops::Sub<<Dr as si::Dimension>::M>>::Output: Integer` is not satisfied
[INFO] [stdout]    --> /opt/rustwide/cargo-home/registry/src/github.com-1ecc6299db9ec823/uom-0.22.1/src/system.rs:418:21
[INFO] [stdout]     |
[INFO] [stdout] 230 |           pub struct Quantity<D, U, V>
[INFO] [stdout]     |                      -------- required by a bound in this
[INFO] [stdout] 231 |           where
[INFO] [stdout] 232 |               D: Dimension + ?Sized,
[INFO] [stdout]     |                  --------- required by this bound in `si::Quantity`
[INFO] [stdout] ...
[INFO] [stdout] 418 | /                     type Output = Quantity<
[INFO] [stdout] 419 | |                         $quantities<$($crate::typenum::$AddSubAlias<Dl::$symbol, Dr::$symbol>,)+>,
[INFO] [stdout] 420 | |                         Ul, V>;
[INFO] [stdout]     | |_______________________________^ the trait `Integer` is not implemented for `<<Dl as si::Dimension>::M as std::ops::Sub<<Dr as si::Dimension>::M>>::Output`
[INFO] [stdout]     | 
[INFO] [stdout]    ::: /opt/rustwide/cargo-home/registry/src/github.com-1ecc6299db9ec823/uom-0.22.1/src/si/mod.rs:10:1
[INFO] [stdout]     |
[INFO] [stdout] 10  | / system! {
[INFO] [stdout] 11  | |     /// [International System of Quantities](http://jcgm.bipm.org/vim/en/1.6.html) (ISQ).
[INFO] [stdout] 12  | |     quantities: ISQ {
[INFO] [stdout] 13  | |         length: meter, L;
[INFO] [stdout] ...   |
[INFO] [stdout] 56  | |     }
[INFO] [stdout] 57  | | }
[INFO] [stdout]     | |_- in this macro invocation
[INFO] [stdout]     |
[INFO] [stdout]     = note: this error originates in a macro (in Nightly builds, run with -Z macro-backtrace for more info)
[INFO] [stdout] 
[INFO] [stdout] 
[INFO] [stdout] error[E0277]: the trait bound `<<Dl as si::Dimension>::T as std::ops::Sub<<Dr as si::Dimension>::T>>::Output: Integer` is not satisfied
[INFO] [stdout]    --> /opt/rustwide/cargo-home/registry/src/github.com-1ecc6299db9ec823/uom-0.22.1/src/system.rs:418:21
[INFO] [stdout]     |
[INFO] [stdout] 230 |           pub struct Quantity<D, U, V>
[INFO] [stdout]     |                      -------- required by a bound in this
[INFO] [stdout] 231 |           where
[INFO] [stdout] 232 |               D: Dimension + ?Sized,
[INFO] [stdout]     |                  --------- required by this bound in `si::Quantity`
[INFO] [stdout] ...
[INFO] [stdout] 418 | /                     type Output = Quantity<
[INFO] [stdout] 419 | |                         $quantities<$($crate::typenum::$AddSubAlias<Dl::$symbol, Dr::$symbol>,)+>,
[INFO] [stdout] 420 | |                         Ul, V>;
[INFO] [stdout]     | |_______________________________^ the trait `Integer` is not implemented for `<<Dl as si::Dimension>::T as std::ops::Sub<<Dr as si::Dimension>::T>>::Output`
[INFO] [stdout]     | 
[INFO] [stdout]    ::: /opt/rustwide/cargo-home/registry/src/github.com-1ecc6299db9ec823/uom-0.22.1/src/si/mod.rs:10:1
[INFO] [stdout]     |
[INFO] [stdout] 10  | / system! {
[INFO] [stdout] 11  | |     /// [International System of Quantities](http://jcgm.bipm.org/vim/en/1.6.html) (ISQ).
[INFO] [stdout] 12  | |     quantities: ISQ {
[INFO] [stdout] 13  | |         length: meter, L;
[INFO] [stdout] ...   |
[INFO] [stdout] 56  | |     }
[INFO] [stdout] 57  | | }
[INFO] [stdout]     | |_- in this macro invocation
[INFO] [stdout]     |
[INFO] [stdout]     = note: this error originates in a macro (in Nightly builds, run with -Z macro-backtrace for more info)
[INFO] [stdout] 
[INFO] [stdout] 
[INFO] [stdout] error[E0277]: the trait bound `<<Dl as si::Dimension>::I as std::ops::Sub<<Dr as si::Dimension>::I>>::Output: Integer` is not satisfied
[INFO] [stdout]    --> /opt/rustwide/cargo-home/registry/src/github.com-1ecc6299db9ec823/uom-0.22.1/src/system.rs:418:21
[INFO] [stdout]     |
[INFO] [stdout] 230 |           pub struct Quantity<D, U, V>
[INFO] [stdout]     |                      -------- required by a bound in this
[INFO] [stdout] 231 |           where
[INFO] [stdout] 232 |               D: Dimension + ?Sized,
[INFO] [stdout]     |                  --------- required by this bound in `si::Quantity`
[INFO] [stdout] ...
[INFO] [stdout] 418 | /                     type Output = Quantity<
[INFO] [stdout] 419 | |                         $quantities<$($crate::typenum::$AddSubAlias<Dl::$symbol, Dr::$symbol>,)+>,
[INFO] [stdout] 420 | |                         Ul, V>;
[INFO] [stdout]     | |_______________________________^ the trait `Integer` is not implemented for `<<Dl as si::Dimension>::I as std::ops::Sub<<Dr as si::Dimension>::I>>::Output`
[INFO] [stdout]     | 
[INFO] [stdout]    ::: /opt/rustwide/cargo-home/registry/src/github.com-1ecc6299db9ec823/uom-0.22.1/src/si/mod.rs:10:1
[INFO] [stdout]     |
[INFO] [stdout] 10  | / system! {
[INFO] [stdout] 11  | |     /// [International System of Quantities](http://jcgm.bipm.org/vim/en/1.6.html) (ISQ).
[INFO] [stdout] 12  | |     quantities: ISQ {
[INFO] [stdout] 13  | |         length: meter, L;
[INFO] [stdout] ...   |
[INFO] [stdout] 56  | |     }
[INFO] [stdout] 57  | | }
[INFO] [stdout]     | |_- in this macro invocation
[INFO] [stdout]     |
[INFO] [stdout]     = note: this error originates in a macro (in Nightly builds, run with -Z macro-backtrace for more info)
[INFO] [stdout] 
[INFO] [stdout] 
[INFO] [stdout] error[E0277]: the trait bound `<<Dl as si::Dimension>::Th as std::ops::Sub<<Dr as si::Dimension>::Th>>::Output: Integer` is not satisfied
[INFO] [stdout]    --> /opt/rustwide/cargo-home/registry/src/github.com-1ecc6299db9ec823/uom-0.22.1/src/system.rs:418:21
[INFO] [stdout]     |
[INFO] [stdout] 230 |           pub struct Quantity<D, U, V>
[INFO] [stdout]     |                      -------- required by a bound in this
[INFO] [stdout] 231 |           where
[INFO] [stdout] 232 |               D: Dimension + ?Sized,
[INFO] [stdout]     |                  --------- required by this bound in `si::Quantity`
[INFO] [stdout] ...
[INFO] [stdout] 418 | /                     type Output = Quantity<
[INFO] [stdout] 419 | |                         $quantities<$($crate::typenum::$AddSubAlias<Dl::$symbol, Dr::$symbol>,)+>,
[INFO] [stdout] 420 | |                         Ul, V>;
[INFO] [stdout]     | |_______________________________^ the trait `Integer` is not implemented for `<<Dl as si::Dimension>::Th as std::ops::Sub<<Dr as si::Dimension>::Th>>::Output`
[INFO] [stdout]     | 
[INFO] [stdout]    ::: /opt/rustwide/cargo-home/registry/src/github.com-1ecc6299db9ec823/uom-0.22.1/src/si/mod.rs:10:1
[INFO] [stdout]     |
[INFO] [stdout] 10  | / system! {
[INFO] [stdout] 11  | |     /// [International System of Quantities](http://jcgm.bipm.org/vim/en/1.6.html) (ISQ).
[INFO] [stdout] 12  | |     quantities: ISQ {
[INFO] [stdout] 13  | |         length: meter, L;
[INFO] [stdout] ...   |
[INFO] [stdout] 56  | |     }
[INFO] [stdout] 57  | | }
[INFO] [stdout]     | |_- in this macro invocation
[INFO] [stdout]     |
[INFO] [stdout]     = note: this error originates in a macro (in Nightly builds, run with -Z macro-backtrace for more info)
[INFO] [stdout] 
[INFO] [stdout] 
[INFO] [stdout] error[E0277]: the trait bound `<<Dl as si::Dimension>::N as std::ops::Sub<<Dr as si::Dimension>::N>>::Output: Integer` is not satisfied
[INFO] [stdout]    --> /opt/rustwide/cargo-home/registry/src/github.com-1ecc6299db9ec823/uom-0.22.1/src/system.rs:418:21
[INFO] [stdout]     |
[INFO] [stdout] 230 |           pub struct Quantity<D, U, V>
[INFO] [stdout]     |                      -------- required by a bound in this
[INFO] [stdout] 231 |           where
[INFO] [stdout] 232 |               D: Dimension + ?Sized,
[INFO] [stdout]     |                  --------- required by this bound in `si::Quantity`
[INFO] [stdout] ...
[INFO] [stdout] 418 | /                     type Output = Quantity<
[INFO] [stdout] 419 | |                         $quantities<$($crate::typenum::$AddSubAlias<Dl::$symbol, Dr::$symbol>,)+>,
[INFO] [stdout] 420 | |                         Ul, V>;
[INFO] [stdout]     | |_______________________________^ the trait `Integer` is not implemented for `<<Dl as si::Dimension>::N as std::ops::Sub<<Dr as si::Dimension>::N>>::Output`
[INFO] [stdout]     | 
[INFO] [stdout]    ::: /opt/rustwide/cargo-home/registry/src/github.com-1ecc6299db9ec823/uom-0.22.1/src/si/mod.rs:10:1
[INFO] [stdout]     |
[INFO] [stdout] 10  | / system! {
[INFO] [stdout] 11  | |     /// [International System of Quantities](http://jcgm.bipm.org/vim/en/1.6.html) (ISQ).
[INFO] [stdout] 12  | |     quantities: ISQ {
[INFO] [stdout] 13  | |         length: meter, L;
[INFO] [stdout] ...   |
[INFO] [stdout] 56  | |     }
[INFO] [stdout] 57  | | }
[INFO] [stdout]     | |_- in this macro invocation
[INFO] [stdout]     |
[INFO] [stdout]     = note: this error originates in a macro (in Nightly builds, run with -Z macro-backtrace for more info)
[INFO] [stdout] 
[INFO] [stdout] 
[INFO] [stdout] error[E0277]: the trait bound `<<Dl as si::Dimension>::J as std::ops::Sub<<Dr as si::Dimension>::J>>::Output: Integer` is not satisfied
[INFO] [stdout]    --> /opt/rustwide/cargo-home/registry/src/github.com-1ecc6299db9ec823/uom-0.22.1/src/system.rs:418:21
[INFO] [stdout]     |
[INFO] [stdout] 230 |           pub struct Quantity<D, U, V>
[INFO] [stdout]     |                      -------- required by a bound in this
[INFO] [stdout] 231 |           where
[INFO] [stdout] 232 |               D: Dimension + ?Sized,
[INFO] [stdout]     |                  --------- required by this bound in `si::Quantity`
[INFO] [stdout] ...
[INFO] [stdout] 418 | /                     type Output = Quantity<
[INFO] [stdout] 419 | |                         $quantities<$($crate::typenum::$AddSubAlias<Dl::$symbol, Dr::$symbol>,)+>,
[INFO] [stdout] 420 | |                         Ul, V>;
[INFO] [stdout]     | |_______________________________^ the trait `Integer` is not implemented for `<<Dl as si::Dimension>::J as std::ops::Sub<<Dr as si::Dimension>::J>>::Output`
[INFO] [stdout]     | 
[INFO] [stdout]    ::: /opt/rustwide/cargo-home/registry/src/github.com-1ecc6299db9ec823/uom-0.22.1/src/si/mod.rs:10:1
[INFO] [stdout]     |
[INFO] [stdout] 10  | / system! {
[INFO] [stdout] 11  | |     /// [International System of Quantities](http://jcgm.bipm.org/vim/en/1.6.html) (ISQ).
[INFO] [stdout] 12  | |     quantities: ISQ {
[INFO] [stdout] 13  | |         length: meter, L;
[INFO] [stdout] ...   |
[INFO] [stdout] 56  | |     }
[INFO] [stdout] 57  | | }
[INFO] [stdout]     | |_- in this macro invocation
[INFO] [stdout]     |
[INFO] [stdout]     = note: this error originates in a macro (in Nightly builds, run with -Z macro-backtrace for more info)
[INFO] [stdout] 
[INFO] [stdout] 
[INFO] [stdout] error[E0277]: the trait bound `<<Dl as si::Dimension>::L as std::ops::Sub<<Dr as si::Dimension>::L>>::Output: Integer` is not satisfied
[INFO] [stdout]    --> /opt/rustwide/cargo-home/registry/src/github.com-1ecc6299db9ec823/uom-0.22.1/src/system.rs:423:71
[INFO] [stdout]     |
[INFO] [stdout] 230 |           pub struct Quantity<D, U, V>
[INFO] [stdout]     |                      -------- required by a bound in this
[INFO] [stdout] 231 |           where
[INFO] [stdout] 232 |               D: Dimension + ?Sized,
[INFO] [stdout]     |                  --------- required by this bound in `si::Quantity`
[INFO] [stdout] ...
[INFO] [stdout] 423 |                       fn $muldiv_fun(self, rhs: Quantity<Dr, Ur, V>) -> Self::Output {
[INFO] [stdout]     |                                                                         ^^^^^^^^^^^^ the trait `Integer` is not implemented for `<<Dl as si::Dimension>::L as std::ops::Sub<<Dr as si::Dimension>::L>>::Output`
[INFO] [stdout]     | 
[INFO] [stdout]    ::: /opt/rustwide/cargo-home/registry/src/github.com-1ecc6299db9ec823/uom-0.22.1/src/si/mod.rs:10:1
[INFO] [stdout]     |
[INFO] [stdout] 10  | / system! {
[INFO] [stdout] 11  | |     /// [International System of Quantities](http://jcgm.bipm.org/vim/en/1.6.html) (ISQ).
[INFO] [stdout] 12  | |     quantities: ISQ {
[INFO] [stdout] 13  | |         length: meter, L;
[INFO] [stdout] ...   |
[INFO] [stdout] 56  | |     }
[INFO] [stdout] 57  | | }
[INFO] [stdout]     | |_- in this macro invocation
[INFO] [stdout]     |
[INFO] [stdout]     = note: this error originates in a macro (in Nightly builds, run with -Z macro-backtrace for more info)
[INFO] [stdout] 
[INFO] [stdout] 
[INFO] [stdout] error[E0277]: the trait bound `<<Dl as si::Dimension>::M as std::ops::Sub<<Dr as si::Dimension>::M>>::Output: Integer` is not satisfied
[INFO] [stdout]    --> /opt/rustwide/cargo-home/registry/src/github.com-1ecc6299db9ec823/uom-0.22.1/src/system.rs:423:71
[INFO] [stdout]     |
[INFO] [stdout] 230 |           pub struct Quantity<D, U, V>
[INFO] [stdout]     |                      -------- required by a bound in this
[INFO] [stdout] 231 |           where
[INFO] [stdout] 232 |               D: Dimension + ?Sized,
[INFO] [stdout]     |                  --------- required by this bound in `si::Quantity`
[INFO] [stdout] ...
[INFO] [stdout] 423 |                       fn $muldiv_fun(self, rhs: Quantity<Dr, Ur, V>) -> Self::Output {
[INFO] [stdout]     |                                                                         ^^^^^^^^^^^^ the trait `Integer` is not implemented for `<<Dl as si::Dimension>::M as std::ops::Sub<<Dr as si::Dimension>::M>>::Output`
[INFO] [stdout]     | 
[INFO] [stdout]    ::: /opt/rustwide/cargo-home/registry/src/github.com-1ecc6299db9ec823/uom-0.22.1/src/si/mod.rs:10:1
[INFO] [stdout]     |
[INFO] [stdout] 10  | / system! {
[INFO] [stdout] 11  | |     /// [International System of Quantities](http://jcgm.bipm.org/vim/en/1.6.html) (ISQ).
[INFO] [stdout] 12  | |     quantities: ISQ {
[INFO] [stdout] 13  | |         length: meter, L;
[INFO] [stdout] ...   |
[INFO] [stdout] 56  | |     }
[INFO] [stdout] 57  | | }
[INFO] [stdout]     | |_- in this macro invocation
[INFO] [stdout]     |
[INFO] [stdout]     = note: this error originates in a macro (in Nightly builds, run with -Z macro-backtrace for more info)
[INFO] [stdout] 
[INFO] [stdout] 
[INFO] [stdout] error[E0277]: the trait bound `<<Dl as si::Dimension>::T as std::ops::Sub<<Dr as si::Dimension>::T>>::Output: Integer` is not satisfied
[INFO] [stdout]    --> /opt/rustwide/cargo-home/registry/src/github.com-1ecc6299db9ec823/uom-0.22.1/src/system.rs:423:71
[INFO] [stdout]     |
[INFO] [stdout] 230 |           pub struct Quantity<D, U, V>
[INFO] [stdout]     |                      -------- required by a bound in this
[INFO] [stdout] 231 |           where
[INFO] [stdout] 232 |               D: Dimension + ?Sized,
[INFO] [stdout]     |                  --------- required by this bound in `si::Quantity`
[INFO] [stdout] ...
[INFO] [stdout] 423 |                       fn $muldiv_fun(self, rhs: Quantity<Dr, Ur, V>) -> Self::Output {
[INFO] [stdout]     |                                                                         ^^^^^^^^^^^^ the trait `Integer` is not implemented for `<<Dl as si::Dimension>::T as std::ops::Sub<<Dr as si::Dimension>::T>>::Output`
[INFO] [stdout]     | 
[INFO] [stdout]    ::: /opt/rustwide/cargo-home/registry/src/github.com-1ecc6299db9ec823/uom-0.22.1/src/si/mod.rs:10:1
[INFO] [stdout]     |
[INFO] [stdout] 10  | / system! {
[INFO] [stdout] 11  | |     /// [International System of Quantities](http://jcgm.bipm.org/vim/en/1.6.html) (ISQ).
[INFO] [stdout] 12  | |     quantities: ISQ {
[INFO] [stdout] 13  | |         length: meter, L;
[INFO] [stdout] ...   |
[INFO] [stdout] 56  | |     }
[INFO] [stdout] 57  | | }
[INFO] [stdout]     | |_- in this macro invocation
[INFO] [stdout]     |
[INFO] [stdout]     = note: this error originates in a macro (in Nightly builds, run with -Z macro-backtrace for more info)
[INFO] [stdout] 
[INFO] [stdout] 
[INFO] [stdout] error[E0277]: the trait bound `<<Dl as si::Dimension>::I as std::ops::Sub<<Dr as si::Dimension>::I>>::Output: Integer` is not satisfied
[INFO] [stdout]    --> /opt/rustwide/cargo-home/registry/src/github.com-1ecc6299db9ec823/uom-0.22.1/src/system.rs:423:71
[INFO] [stdout]     |
[INFO] [stdout] 230 |           pub struct Quantity<D, U, V>
[INFO] [stdout]     |                      -------- required by a bound in this
[INFO] [stdout] 231 |           where
[INFO] [stdout] 232 |               D: Dimension + ?Sized,
[INFO] [stdout]     |                  --------- required by this bound in `si::Quantity`
[INFO] [stdout] ...
[INFO] [stdout] 423 |                       fn $muldiv_fun(self, rhs: Quantity<Dr, Ur, V>) -> Self::Output {
[INFO] [stdout]     |                                                                         ^^^^^^^^^^^^ the trait `Integer` is not implemented for `<<Dl as si::Dimension>::I as std::ops::Sub<<Dr as si::Dimension>::I>>::Output`
[INFO] [stdout]     | 
[INFO] [stdout]    ::: /opt/rustwide/cargo-home/registry/src/github.com-1ecc6299db9ec823/uom-0.22.1/src/si/mod.rs:10:1
[INFO] [stdout]     |
[INFO] [stdout] 10  | / system! {
[INFO] [stdout] 11  | |     /// [International System of Quantities](http://jcgm.bipm.org/vim/en/1.6.html) (ISQ).
[INFO] [stdout] 12  | |     quantities: ISQ {
[INFO] [stdout] 13  | |         length: meter, L;
[INFO] [stdout] ...   |
[INFO] [stdout] 56  | |     }
[INFO] [stdout] 57  | | }
[INFO] [stdout]     | |_- in this macro invocation
[INFO] [stdout]     |
[INFO] [stdout]     = note: this error originates in a macro (in Nightly builds, run with -Z macro-backtrace for more info)
[INFO] [stdout] 
[INFO] [stdout] 
[INFO] [stdout] error[E0277]: the trait bound `<<Dl as si::Dimension>::Th as std::ops::Sub<<Dr as si::Dimension>::Th>>::Output: Integer` is not satisfied
[INFO] [stdout]    --> /opt/rustwide/cargo-home/registry/src/github.com-1ecc6299db9ec823/uom-0.22.1/src/system.rs:423:71
[INFO] [stdout]     |
[INFO] [stdout] 230 |           pub struct Quantity<D, U, V>
[INFO] [stdout]     |                      -------- required by a bound in this
[INFO] [stdout] 231 |           where
[INFO] [stdout] 232 |               D: Dimension + ?Sized,
[INFO] [stdout]     |                  --------- required by this bound in `si::Quantity`
[INFO] [stdout] ...
[INFO] [stdout] 423 |                       fn $muldiv_fun(self, rhs: Quantity<Dr, Ur, V>) -> Self::Output {
[INFO] [stdout]     |                                                                         ^^^^^^^^^^^^ the trait `Integer` is not implemented for `<<Dl as si::Dimension>::Th as std::ops::Sub<<Dr as si::Dimension>::Th>>::Output`
[INFO] [stdout]     | 
[INFO] [stdout]    ::: /opt/rustwide/cargo-home/registry/src/github.com-1ecc6299db9ec823/uom-0.22.1/src/si/mod.rs:10:1
[INFO] [stdout]     |
[INFO] [stdout] 10  | / system! {
[INFO] [stdout] 11  | |     /// [International System of Quantities](http://jcgm.bipm.org/vim/en/1.6.html) (ISQ).
[INFO] [stdout] 12  | |     quantities: ISQ {
[INFO] [stdout] 13  | |         length: meter, L;
[INFO] [stdout] ...   |
[INFO] [stdout] 56  | |     }
[INFO] [stdout] 57  | | }
[INFO] [stdout]     | |_- in this macro invocation
[INFO] [stdout]     |
[INFO] [stdout]     = note: this error originates in a macro (in Nightly builds, run with -Z macro-backtrace for more info)
[INFO] [stdout] 
[INFO] [stdout] 
[INFO] [stdout] error[E0277]: the trait bound `<<Dl as si::Dimension>::N as std::ops::Sub<<Dr as si::Dimension>::N>>::Output: Integer` is not satisfied
[INFO] [stdout]    --> /opt/rustwide/cargo-home/registry/src/github.com-1ecc6299db9ec823/uom-0.22.1/src/system.rs:423:71
[INFO] [stdout]     |
[INFO] [stdout] 230 |           pub struct Quantity<D, U, V>
[INFO] [stdout]     |                      -------- required by a bound in this
[INFO] [stdout] 231 |           where
[INFO] [stdout] 232 |               D: Dimension + ?Sized,
[INFO] [stdout]     |                  --------- required by this bound in `si::Quantity`
[INFO] [stdout] ...
[INFO] [stdout] 423 |                       fn $muldiv_fun(self, rhs: Quantity<Dr, Ur, V>) -> Self::Output {
[INFO] [stdout]     |                                                                         ^^^^^^^^^^^^ the trait `Integer` is not implemented for `<<Dl as si::Dimension>::N as std::ops::Sub<<Dr as si::Dimension>::N>>::Output`
[INFO] [stdout]     | 
[INFO] [stdout]    ::: /opt/rustwide/cargo-home/registry/src/github.com-1ecc6299db9ec823/uom-0.22.1/src/si/mod.rs:10:1
[INFO] [stdout]     |
[INFO] [stdout] 10  | / system! {
[INFO] [stdout] 11  | |     /// [International System of Quantities](http://jcgm.bipm.org/vim/en/1.6.html) (ISQ).
[INFO] [stdout] 12  | |     quantities: ISQ {
[INFO] [stdout] 13  | |         length: meter, L;
[INFO] [stdout] ...   |
[INFO] [stdout] 56  | |     }
[INFO] [stdout] 57  | | }
[INFO] [stdout]     | |_- in this macro invocation
[INFO] [stdout]     |
[INFO] [stdout]     = note: this error originates in a macro (in Nightly builds, run with -Z macro-backtrace for more info)
[INFO] [stdout] 
[INFO] [stdout] 
[INFO] [stdout] error[E0277]: the trait bound `<<Dl as si::Dimension>::J as std::ops::Sub<<Dr as si::Dimension>::J>>::Output: Integer` is not satisfied
[INFO] [stdout]    --> /opt/rustwide/cargo-home/registry/src/github.com-1ecc6299db9ec823/uom-0.22.1/src/system.rs:423:71
[INFO] [stdout]     |
[INFO] [stdout] 230 |           pub struct Quantity<D, U, V>
[INFO] [stdout]     |                      -------- required by a bound in this
[INFO] [stdout] 231 |           where
[INFO] [stdout] 232 |               D: Dimension + ?Sized,
[INFO] [stdout]     |                  --------- required by this bound in `si::Quantity`
[INFO] [stdout] ...
[INFO] [stdout] 423 |                       fn $muldiv_fun(self, rhs: Quantity<Dr, Ur, V>) -> Self::Output {
[INFO] [stdout]     |                                                                         ^^^^^^^^^^^^ the trait `Integer` is not implemented for `<<Dl as si::Dimension>::J as std::ops::Sub<<Dr as si::Dimension>::J>>::Output`
[INFO] [stdout]     | 
[INFO] [stdout]    ::: /opt/rustwide/cargo-home/registry/src/github.com-1ecc6299db9ec823/uom-0.22.1/src/si/mod.rs:10:1
[INFO] [stdout]     |
[INFO] [stdout] 10  | / system! {
[INFO] [stdout] 11  | |     /// [International System of Quantities](http://jcgm.bipm.org/vim/en/1.6.html) (ISQ).
[INFO] [stdout] 12  | |     quantities: ISQ {
[INFO] [stdout] 13  | |         length: meter, L;
[INFO] [stdout] ...   |
[INFO] [stdout] 56  | |     }
[INFO] [stdout] 57  | | }
[INFO] [stdout]     | |_- in this macro invocation
[INFO] [stdout]     |
[INFO] [stdout]     = note: this error originates in a macro (in Nightly builds, run with -Z macro-backtrace for more info)
[INFO] [stdout] 
[INFO] [stdout] 
[INFO] [stdout] error[E0277]: the trait bound `<Z0 as std::ops::Sub<<D as si::Dimension>::L>>::Output: Integer` is not satisfied
[INFO] [stdout]    --> /opt/rustwide/cargo-home/registry/src/github.com-1ecc6299db9ec823/uom-0.22.1/src/system.rs:503:29
[INFO] [stdout]     |
[INFO] [stdout] 230 |           pub struct Quantity<D, U, V>
[INFO] [stdout]     |                      -------- required by a bound in this
[INFO] [stdout] 231 |           where
[INFO] [stdout] 232 |               D: Dimension + ?Sized,
[INFO] [stdout]     |                  --------- required by this bound in `si::Quantity`
[INFO] [stdout] ...
[INFO] [stdout] 503 | /                             type Output = Quantity<
[INFO] [stdout] 504 | |                                 $quantities<
[INFO] [stdout] 505 | |                                     $($crate::typenum::$AddSubAlias<
[INFO] [stdout] 506 | |                                       $crate::typenum::Z0,
[INFO] [stdout] 507 | |                                       D::$symbol>,)+>,
[INFO] [stdout] 508 | |                                 U, V>;
[INFO] [stdout]     | |______________________________________^ the trait `Integer` is not implemented for `<Z0 as std::ops::Sub<<D as si::Dimension>::L>>::Output`
[INFO] [stdout]     | 
[INFO] [stdout]    ::: /opt/rustwide/cargo-home/registry/src/github.com-1ecc6299db9ec823/uom-0.22.1/src/si/mod.rs:10:1
[INFO] [stdout]     |
[INFO] [stdout] 10  | / system! {
[INFO] [stdout] 11  | |     /// [International System of Quantities](http://jcgm.bipm.org/vim/en/1.6.html) (ISQ).
[INFO] [stdout] 12  | |     quantities: ISQ {
[INFO] [stdout] 13  | |         length: meter, L;
[INFO] [stdout] ...   |
[INFO] [stdout] 56  | |     }
[INFO] [stdout] 57  | | }
[INFO] [stdout]     | |_- in this macro invocation
[INFO] [stdout]     |
[INFO] [stdout]     = note: this error originates in a macro (in Nightly builds, run with -Z macro-backtrace for more info)
[INFO] [stdout] 
[INFO] [stdout] 
[INFO] [stdout] error[E0277]: the trait bound `<Z0 as std::ops::Sub<<D as si::Dimension>::M>>::Output: Integer` is not satisfied
[INFO] [stdout]    --> /opt/rustwide/cargo-home/registry/src/github.com-1ecc6299db9ec823/uom-0.22.1/src/system.rs:503:29
[INFO] [stdout]     |
[INFO] [stdout] 230 |           pub struct Quantity<D, U, V>
[INFO] [stdout]     |                      -------- required by a bound in this
[INFO] [stdout] 231 |           where
[INFO] [stdout] 232 |               D: Dimension + ?Sized,
[INFO] [stdout]     |                  --------- required by this bound in `si::Quantity`
[INFO] [stdout] ...
[INFO] [stdout] 503 | /                             type Output = Quantity<
[INFO] [stdout] 504 | |                                 $quantities<
[INFO] [stdout] 505 | |                                     $($crate::typenum::$AddSubAlias<
[INFO] [stdout] 506 | |                                       $crate::typenum::Z0,
[INFO] [stdout] 507 | |                                       D::$symbol>,)+>,
[INFO] [stdout] 508 | |                                 U, V>;
[INFO] [stdout]     | |______________________________________^ the trait `Integer` is not implemented for `<Z0 as std::ops::Sub<<D as si::Dimension>::M>>::Output`
[INFO] [stdout]     | 
[INFO] [stdout]    ::: /opt/rustwide/cargo-home/registry/src/github.com-1ecc6299db9ec823/uom-0.22.1/src/si/mod.rs:10:1
[INFO] [stdout]     |
[INFO] [stdout] 10  | / system! {
[INFO] [stdout] 11  | |     /// [International System of Quantities](http://jcgm.bipm.org/vim/en/1.6.html) (ISQ).
[INFO] [stdout] 12  | |     quantities: ISQ {
[INFO] [stdout] 13  | |         length: meter, L;
[INFO] [stdout] ...   |
[INFO] [stdout] 56  | |     }
[INFO] [stdout] 57  | | }
[INFO] [stdout]     | |_- in this macro invocation
[INFO] [stdout]     |
[INFO] [stdout]     = note: this error originates in a macro (in Nightly builds, run with -Z macro-backtrace for more info)
[INFO] [stdout] 
[INFO] [stdout] 
[INFO] [stdout] error[E0277]: the trait bound `<Z0 as std::ops::Sub<<D as si::Dimension>::T>>::Output: Integer` is not satisfied
[INFO] [stdout]    --> /opt/rustwide/cargo-home/registry/src/github.com-1ecc6299db9ec823/uom-0.22.1/src/system.rs:503:29
[INFO] [stdout]     |
[INFO] [stdout] 230 |           pub struct Quantity<D, U, V>
[INFO] [stdout]     |                      -------- required by a bound in this
[INFO] [stdout] 231 |           where
[INFO] [stdout] 232 |               D: Dimension + ?Sized,
[INFO] [stdout]     |                  --------- required by this bound in `si::Quantity`
[INFO] [stdout] ...
[INFO] [stdout] 503 | /                             type Output = Quantity<
[INFO] [stdout] 504 | |                                 $quantities<
[INFO] [stdout] 505 | |                                     $($crate::typenum::$AddSubAlias<
[INFO] [stdout] 506 | |                                       $crate::typenum::Z0,
[INFO] [stdout] 507 | |                                       D::$symbol>,)+>,
[INFO] [stdout] 508 | |                                 U, V>;
[INFO] [stdout]     | |______________________________________^ the trait `Integer` is not implemented for `<Z0 as std::ops::Sub<<D as si::Dimension>::T>>::Output`
[INFO] [stdout]     | 
[INFO] [stdout]    ::: /opt/rustwide/cargo-home/registry/src/github.com-1ecc6299db9ec823/uom-0.22.1/src/si/mod.rs:10:1
[INFO] [stdout]     |
[INFO] [stdout] 10  | / system! {
[INFO] [stdout] 11  | |     /// [International System of Quantities](http://jcgm.bipm.org/vim/en/1.6.html) (ISQ).
[INFO] [stdout] 12  | |     quantities: ISQ {
[INFO] [stdout] 13  | |         length: meter, L;
[INFO] [stdout] ...   |
[INFO] [stdout] 56  | |     }
[INFO] [stdout] 57  | | }
[INFO] [stdout]     | |_- in this macro invocation
[INFO] [stdout]     |
[INFO] [stdout]     = note: this error originates in a macro (in Nightly builds, run with -Z macro-backtrace for more info)
[INFO] [stdout] 
[INFO] [stdout] 
[INFO] [stdout] error[E0277]: the trait bound `<Z0 as std::ops::Sub<<D as si::Dimension>::I>>::Output: Integer` is not satisfied
[INFO] [stdout]    --> /opt/rustwide/cargo-home/registry/src/github.com-1ecc6299db9ec823/uom-0.22.1/src/system.rs:503:29
[INFO] [stdout]     |
[INFO] [stdout] 230 |           pub struct Quantity<D, U, V>
[INFO] [stdout]     |                      -------- required by a bound in this
[INFO] [stdout] 231 |           where
[INFO] [stdout] 232 |               D: Dimension + ?Sized,
[INFO] [stdout]     |                  --------- required by this bound in `si::Quantity`
[INFO] [stdout] ...
[INFO] [stdout] 503 | /                             type Output = Quantity<
[INFO] [stdout] 504 | |                                 $quantities<
[INFO] [stdout] 505 | |                                     $($crate::typenum::$AddSubAlias<
[INFO] [stdout] 506 | |                                       $crate::typenum::Z0,
[INFO] [stdout] 507 | |                                       D::$symbol>,)+>,
[INFO] [stdout] 508 | |                                 U, V>;
[INFO] [stdout]     | |______________________________________^ the trait `Integer` is not implemented for `<Z0 as std::ops::Sub<<D as si::Dimension>::I>>::Output`
[INFO] [stdout]     | 
[INFO] [stdout]    ::: /opt/rustwide/cargo-home/registry/src/github.com-1ecc6299db9ec823/uom-0.22.1/src/si/mod.rs:10:1
[INFO] [stdout]     |
[INFO] [stdout] 10  | / system! {
[INFO] [stdout] 11  | |     /// [International System of Quantities](http://jcgm.bipm.org/vim/en/1.6.html) (ISQ).
[INFO] [stdout] 12  | |     quantities: ISQ {
[INFO] [stdout] 13  | |         length: meter, L;
[INFO] [stdout] ...   |
[INFO] [stdout] 56  | |     }
[INFO] [stdout] 57  | | }
[INFO] [stdout]     | |_- in this macro invocation
[INFO] [stdout]     |
[INFO] [stdout]     = note: this error originates in a macro (in Nightly builds, run with -Z macro-backtrace for more info)
[INFO] [stdout] 
[INFO] [stdout] 
[INFO] [stdout] error[E0277]: the trait bound `<Z0 as std::ops::Sub<<D as si::Dimension>::Th>>::Output: Integer` is not satisfied
[INFO] [stdout]    --> /opt/rustwide/cargo-home/registry/src/github.com-1ecc6299db9ec823/uom-0.22.1/src/system.rs:503:29
[INFO] [stdout]     |
[INFO] [stdout] 230 |           pub struct Quantity<D, U, V>
[INFO] [stdout]     |                      -------- required by a bound in this
[INFO] [stdout] 231 |           where
[INFO] [stdout] 232 |               D: Dimension + ?Sized,
[INFO] [stdout]     |                  --------- required by this bound in `si::Quantity`
[INFO] [stdout] ...
[INFO] [stdout] 503 | /                             type Output = Quantity<
[INFO] [stdout] 504 | |                                 $quantities<
[INFO] [stdout] 505 | |                                     $($crate::typenum::$AddSubAlias<
[INFO] [stdout] 506 | |                                       $crate::typenum::Z0,
[INFO] [stdout] 507 | |                                       D::$symbol>,)+>,
[INFO] [stdout] 508 | |                                 U, V>;
[INFO] [stdout]     | |______________________________________^ the trait `Integer` is not implemented for `<Z0 as std::ops::Sub<<D as si::Dimension>::Th>>::Output`
[INFO] [stdout]     | 
[INFO] [stdout]    ::: /opt/rustwide/cargo-home/registry/src/github.com-1ecc6299db9ec823/uom-0.22.1/src/si/mod.rs:10:1
[INFO] [stdout]     |
[INFO] [stdout] 10  | / system! {
[INFO] [stdout] 11  | |     /// [International System of Quantities](http://jcgm.bipm.org/vim/en/1.6.html) (ISQ).
[INFO] [stdout] 12  | |     quantities: ISQ {
[INFO] [stdout] 13  | |         length: meter, L;
[INFO] [stdout] ...   |
[INFO] [stdout] 56  | |     }
[INFO] [stdout] 57  | | }
[INFO] [stdout]     | |_- in this macro invocation
[INFO] [stdout]     |
[INFO] [stdout]     = note: this error originates in a macro (in Nightly builds, run with -Z macro-backtrace for more info)
[INFO] [stdout] 
[INFO] [stdout] 
[INFO] [stdout] error[E0277]: the trait bound `<Z0 as std::ops::Sub<<D as si::Dimension>::N>>::Output: Integer` is not satisfied
[INFO] [stdout]    --> /opt/rustwide/cargo-home/registry/src/github.com-1ecc6299db9ec823/uom-0.22.1/src/system.rs:503:29
[INFO] [stdout]     |
[INFO] [stdout] 230 |           pub struct Quantity<D, U, V>
[INFO] [stdout]     |                      -------- required by a bound in this
[INFO] [stdout] 231 |           where
[INFO] [stdout] 232 |               D: Dimension + ?Sized,
[INFO] [stdout]     |                  --------- required by this bound in `si::Quantity`
[INFO] [stdout] ...
[INFO] [stdout] 503 | /                             type Output = Quantity<
[INFO] [stdout] 504 | |                                 $quantities<
[INFO] [stdout] 505 | |                                     $($crate::typenum::$AddSubAlias<
[INFO] [stdout] 506 | |                                       $crate::typenum::Z0,
[INFO] [stdout] 507 | |                                       D::$symbol>,)+>,
[INFO] [stdout] 508 | |                                 U, V>;
[INFO] [stdout]     | |______________________________________^ the trait `Integer` is not implemented for `<Z0 as std::ops::Sub<<D as si::Dimension>::N>>::Output`
[INFO] [stdout]     | 
[INFO] [stdout]    ::: /opt/rustwide/cargo-home/registry/src/github.com-1ecc6299db9ec823/uom-0.22.1/src/si/mod.rs:10:1
[INFO] [stdout]     |
[INFO] [stdout] 10  | / system! {
[INFO] [stdout] 11  | |     /// [International System of Quantities](http://jcgm.bipm.org/vim/en/1.6.html) (ISQ).
[INFO] [stdout] 12  | |     quantities: ISQ {
[INFO] [stdout] 13  | |         length: meter, L;
[INFO] [stdout] ...   |
[INFO] [stdout] 56  | |     }
[INFO] [stdout] 57  | | }
[INFO] [stdout]     | |_- in this macro invocation
[INFO] [stdout]     |
[INFO] [stdout]     = note: this error originates in a macro (in Nightly builds, run with -Z macro-backtrace for more info)
[INFO] [stdout] 
[INFO] [stdout] 
[INFO] [stdout] error[E0277]: the trait bound `<Z0 as std::ops::Sub<<D as si::Dimension>::J>>::Output: Integer` is not satisfied
[INFO] [stdout]    --> /opt/rustwide/cargo-home/registry/src/github.com-1ecc6299db9ec823/uom-0.22.1/src/system.rs:503:29
[INFO] [stdout]     |
[INFO] [stdout] 230 |           pub struct Quantity<D, U, V>
[INFO] [stdout]     |                      -------- required by a bound in this
[INFO] [stdout] 231 |           where
[INFO] [stdout] 232 |               D: Dimension + ?Sized,
[INFO] [stdout]     |                  --------- required by this bound in `si::Quantity`
[INFO] [stdout] ...
[INFO] [stdout] 503 | /                             type Output = Quantity<
[INFO] [stdout] 504 | |                                 $quantities<
[INFO] [stdout] 505 | |                                     $($crate::typenum::$AddSubAlias<
[INFO] [stdout] 506 | |                                       $crate::typenum::Z0,
[INFO] [stdout] 507 | |                                       D::$symbol>,)+>,
[INFO] [stdout] 508 | |                                 U, V>;
[INFO] [stdout]     | |______________________________________^ the trait `Integer` is not implemented for `<Z0 as std::ops::Sub<<D as si::Dimension>::J>>::Output`
[INFO] [stdout]     | 
[INFO] [stdout]    ::: /opt/rustwide/cargo-home/registry/src/github.com-1ecc6299db9ec823/uom-0.22.1/src/si/mod.rs:10:1
[INFO] [stdout]     |
[INFO] [stdout] 10  | / system! {
[INFO] [stdout] 11  | |     /// [International System of Quantities](http://jcgm.bipm.org/vim/en/1.6.html) (ISQ).
[INFO] [stdout] 12  | |     quantities: ISQ {
[INFO] [stdout] 13  | |         length: meter, L;
[INFO] [stdout] ...   |
[INFO] [stdout] 56  | |     }
[INFO] [stdout] 57  | | }
[INFO] [stdout]     | |_- in this macro invocation
[INFO] [stdout]     |
[INFO] [stdout]     = note: this error originates in a macro (in Nightly builds, run with -Z macro-backtrace for more info)
[INFO] [stdout] 
[INFO] [stdout] 
[INFO] [stdout] error[E0277]: the trait bound `<Z0 as std::ops::Sub<<D as si::Dimension>::L>>::Output: Integer` is not satisfied
[INFO] [stdout]    --> /opt/rustwide/cargo-home/registry/src/github.com-1ecc6299db9ec823/uom-0.22.1/src/system.rs:511:77
[INFO] [stdout]     |
[INFO] [stdout] 230 |           pub struct Quantity<D, U, V>
[INFO] [stdout]     |                      -------- required by a bound in this
[INFO] [stdout] 231 |           where
[INFO] [stdout] 232 |               D: Dimension + ?Sized,
[INFO] [stdout]     |                  --------- required by this bound in `si::Quantity`
[INFO] [stdout] ...
[INFO] [stdout] 511 |                               fn $muldiv_fun(self, rhs: Quantity<D, U, V>) -> Self::Output {
[INFO] [stdout]     |                                                                               ^^^^^^^^^^^^ the trait `Integer` is not implemented for `<Z0 as std::ops::Sub<<D as si::Dimension>::L>>::Output`
[INFO] [stdout]     | 
[INFO] [stdout]    ::: /opt/rustwide/cargo-home/registry/src/github.com-1ecc6299db9ec823/uom-0.22.1/src/si/mod.rs:10:1
[INFO] [stdout]     |
[INFO] [stdout] 10  | / system! {
[INFO] [stdout] 11  | |     /// [International System of Quantities](http://jcgm.bipm.org/vim/en/1.6.html) (ISQ).
[INFO] [stdout] 12  | |     quantities: ISQ {
[INFO] [stdout] 13  | |         length: meter, L;
[INFO] [stdout] ...   |
[INFO] [stdout] 56  | |     }
[INFO] [stdout] 57  | | }
[INFO] [stdout]     | |_- in this macro invocation
[INFO] [stdout]     |
[INFO] [stdout]     = note: this error originates in a macro (in Nightly builds, run with -Z macro-backtrace for more info)
[INFO] [stdout] 
[INFO] [stdout] 
[INFO] [stdout] error[E0277]: the trait bound `<Z0 as std::ops::Sub<<D as si::Dimension>::M>>::Output: Integer` is not satisfied
[INFO] [stdout]    --> /opt/rustwide/cargo-home/registry/src/github.com-1ecc6299db9ec823/uom-0.22.1/src/system.rs:511:77
[INFO] [stdout]     |
[INFO] [stdout] 230 |           pub struct Quantity<D, U, V>
[INFO] [stdout]     |                      -------- required by a bound in this
[INFO] [stdout] 231 |           where
[INFO] [stdout] 232 |               D: Dimension + ?Sized,
[INFO] [stdout]     |                  --------- required by this bound in `si::Quantity`
[INFO] [stdout] ...
[INFO] [stdout] 511 |                               fn $muldiv_fun(self, rhs: Quantity<D, U, V>) -> Self::Output {
[INFO] [stdout]     |                                                                               ^^^^^^^^^^^^ the trait `Integer` is not implemented for `<Z0 as std::ops::Sub<<D as si::Dimension>::M>>::Output`
[INFO] [stdout]     | 
[INFO] [stdout]    ::: /opt/rustwide/cargo-home/registry/src/github.com-1ecc6299db9ec823/uom-0.22.1/src/si/mod.rs:10:1
[INFO] [stdout]     |
[INFO] [stdout] 10  | / system! {
[INFO] [stdout] 11  | |     /// [International System of Quantities](http://jcgm.bipm.org/vim/en/1.6.html) (ISQ).
[INFO] [stdout] 12  | |     quantities: ISQ {
[INFO] [stdout] 13  | |         length: meter, L;
[INFO] [stdout] ...   |
[INFO] [stdout] 56  | |     }
[INFO] [stdout] 57  | | }
[INFO] [stdout]     | |_- in this macro invocation
[INFO] [stdout]     |
[INFO] [stdout]     = note: this error originates in a macro (in Nightly builds, run with -Z macro-backtrace for more info)
[INFO] [stdout] 
[INFO] [stdout] 
[INFO] [stdout] error[E0277]: the trait bound `<Z0 as std::ops::Sub<<D as si::Dimension>::T>>::Output: Integer` is not satisfied
[INFO] [stdout]    --> /opt/rustwide/cargo-home/registry/src/github.com-1ecc6299db9ec823/uom-0.22.1/src/system.rs:511:77
[INFO] [stdout]     |
[INFO] [stdout] 230 |           pub struct Quantity<D, U, V>
[INFO] [stdout]     |                      -------- required by a bound in this
[INFO] [stdout] 231 |           where
[INFO] [stdout] 232 |               D: Dimension + ?Sized,
[INFO] [stdout]     |                  --------- required by this bound in `si::Quantity`
[INFO] [stdout] ...
[INFO] [stdout] 511 |                               fn $muldiv_fun(self, rhs: Quantity<D, U, V>) -> Self::Output {
[INFO] [stdout]     |                                                                               ^^^^^^^^^^^^ the trait `Integer` is not implemented for `<Z0 as std::ops::Sub<<D as si::Dimension>::T>>::Output`
[INFO] [stdout]     | 
[INFO] [stdout]    ::: /opt/rustwide/cargo-home/registry/src/github.com-1ecc6299db9ec823/uom-0.22.1/src/si/mod.rs:10:1
[INFO] [stdout]     |
[INFO] [stdout] 10  | / system! {
[INFO] [stdout] 11  | |     /// [International System of Quantities](http://jcgm.bipm.org/vim/en/1.6.html) (ISQ).
[INFO] [stdout] 12  | |     quantities: ISQ {
[INFO] [stdout] 13  | |         length: meter, L;
[INFO] [stdout] ...   |
[INFO] [stdout] 56  | |     }
[INFO] [stdout] 57  | | }
[INFO] [stdout]     | |_- in this macro invocation
[INFO] [stdout]     |
[INFO] [stdout]     = note: this error originates in a macro (in Nightly builds, run with -Z macro-backtrace for more info)
[INFO] [stdout] 
[INFO] [stdout] 
[INFO] [stdout] error[E0277]: the trait bound `<Z0 as std::ops::Sub<<D as si::Dimension>::I>>::Output: Integer` is not satisfied
[INFO] [stdout]    --> /opt/rustwide/cargo-home/registry/src/github.com-1ecc6299db9ec823/uom-0.22.1/src/system.rs:511:77
[INFO] [stdout]     |
[INFO] [stdout] 230 |           pub struct Quantity<D, U, V>
[INFO] [stdout]     |                      -------- required by a bound in this
[INFO] [stdout] 231 |           where
[INFO] [stdout] 232 |               D: Dimension + ?Sized,
[INFO] [stdout]     |                  --------- required by this bound in `si::Quantity`
[INFO] [stdout] ...
[INFO] [stdout] 511 |                               fn $muldiv_fun(self, rhs: Quantity<D, U, V>) -> Self::Output {
[INFO] [stdout]     |                                                                               ^^^^^^^^^^^^ the trait `Integer` is not implemented for `<Z0 as std::ops::Sub<<D as si::Dimension>::I>>::Output`
[INFO] [stdout]     | 
[INFO] [stdout]    ::: /opt/rustwide/cargo-home/registry/src/github.com-1ecc6299db9ec823/uom-0.22.1/src/si/mod.rs:10:1
[INFO] [stdout]     |
[INFO] [stdout] 10  | / system! {
[INFO] [stdout] 11  | |     /// [International System of Quantities](http://jcgm.bipm.org/vim/en/1.6.html) (ISQ).
[INFO] [stdout] 12  | |     quantities: ISQ {
[INFO] [stdout] 13  | |         length: meter, L;
[INFO] [stdout] ...   |
[INFO] [stdout] 56  | |     }
[INFO] [stdout] 57  | | }
[INFO] [stdout]     | |_- in this macro invocation
[INFO] [stdout]     |
[INFO] [stdout]     = note: this error originates in a macro (in Nightly builds, run with -Z macro-backtrace for more info)
[INFO] [stdout] 
[INFO] [stdout] 
[INFO] [stdout] error[E0277]: the trait bound `<Z0 as std::ops::Sub<<D as si::Dimension>::Th>>::Output: Integer` is not satisfied
[INFO] [stdout]    --> /opt/rustwide/cargo-home/registry/src/github.com-1ecc6299db9ec823/uom-0.22.1/src/system.rs:511:77
[INFO] [stdout]     |
[INFO] [stdout] 230 |           pub struct Quantity<D, U, V>
[INFO] [stdout]     |                      -------- required by a bound in this
[INFO] [stdout] 231 |           where
[INFO] [stdout] 232 |               D: Dimension + ?Sized,
[INFO] [stdout]     |                  --------- required by this bound in `si::Quantity`
[INFO] [stdout] ...
[INFO] [stdout] 511 |                               fn $muldiv_fun(self, rhs: Quantity<D, U, V>) -> Self::Output {
[INFO] [stdout]     |                                                                               ^^^^^^^^^^^^ the trait `Integer` is not implemented for `<Z0 as std::ops::Sub<<D as si::Dimension>::Th>>::Output`
[INFO] [stdout]     | 
[INFO] [stdout]    ::: /opt/rustwide/cargo-home/registry/src/github.com-1ecc6299db9ec823/uom-0.22.1/src/si/mod.rs:10:1
[INFO] [stdout]     |
[INFO] [stdout] 10  | / system! {
[INFO] [stdout] 11  | |     /// [International System of Quantities](http://jcgm.bipm.org/vim/en/1.6.html) (ISQ).
[INFO] [stdout] 12  | |     quantities: ISQ {
[INFO] [stdout] 13  | |         length: meter, L;
[INFO] [stdout] ...   |
[INFO] [stdout] 56  | |     }
[INFO] [stdout] 57  | | }
[INFO] [stdout]     | |_- in this macro invocation
[INFO] [stdout]     |
[INFO] [stdout]     = note: this error originates in a macro (in Nightly builds, run with -Z macro-backtrace for more info)
[INFO] [stdout] 
[INFO] [stdout] 
[INFO] [stdout] error[E0277]: the trait bound `<Z0 as std::ops::Sub<<D as si::Dimension>::N>>::Output: Integer` is not satisfied
[INFO] [stdout]    --> /opt/rustwide/cargo-home/registry/src/github.com-1ecc6299db9ec823/uom-0.22.1/src/system.rs:511:77
[INFO] [stdout]     |
[INFO] [stdout] 230 |           pub struct Quantity<D, U, V>
[INFO] [stdout]     |                      -------- required by a bound in this
[INFO] [stdout] 231 |           where
[INFO] [stdout] 232 |               D: Dimension + ?Sized,
[INFO] [stdout]     |                  --------- required by this bound in `si::Quantity`
[INFO] [stdout] ...
[INFO] [stdout] 511 |                               fn $muldiv_fun(self, rhs: Quantity<D, U, V>) -> Self::Output {
[INFO] [stdout]     |                                                                               ^^^^^^^^^^^^ the trait `Integer` is not implemented for `<Z0 as std::ops::Sub<<D as si::Dimension>::N>>::Output`
[INFO] [stdout]     | 
[INFO] [stdout]    ::: /opt/rustwide/cargo-home/registry/src/github.com-1ecc6299db9ec823/uom-0.22.1/src/si/mod.rs:10:1
[INFO] [stdout]     |
[INFO] [stdout] 10  | / system! {
[INFO] [stdout] 11  | |     /// [International System of Quantities](http://jcgm.bipm.org/vim/en/1.6.html) (ISQ).
[INFO] [stdout] 12  | |     quantities: ISQ {
[INFO] [stdout] 13  | |         length: meter, L;
[INFO] [stdout] ...   |
[INFO] [stdout] 56  | |     }
[INFO] [stdout] 57  | | }
[INFO] [stdout]     | |_- in this macro invocation
[INFO] [stdout]     |
[INFO] [stdout]     = note: this error originates in a macro (in Nightly builds, run with -Z macro-backtrace for more info)
[INFO] [stdout] 
[INFO] [stdout] 
[INFO] [stdout] error[E0277]: the trait bound `<Z0 as std::ops::Sub<<D as si::Dimension>::J>>::Output: Integer` is not satisfied
[INFO] [stdout]    --> /opt/rustwide/cargo-home/registry/src/github.com-1ecc6299db9ec823/uom-0.22.1/src/system.rs:511:77
[INFO] [stdout]     |
[INFO] [stdout] 230 |           pub struct Quantity<D, U, V>
[INFO] [stdout]     |                      -------- required by a bound in this
[INFO] [stdout] 231 |           where
[INFO] [stdout] 232 |               D: Dimension + ?Sized,
[INFO] [stdout]     |                  --------- required by this bound in `si::Quantity`
[INFO] [stdout] ...
[INFO] [stdout] 511 |                               fn $muldiv_fun(self, rhs: Quantity<D, U, V>) -> Self::Output {
[INFO] [stdout]     |                                                                               ^^^^^^^^^^^^ the trait `Integer` is not implemented for `<Z0 as std::ops::Sub<<D as si::Dimension>::J>>::Output`
[INFO] [stdout]     | 
[INFO] [stdout]    ::: /opt/rustwide/cargo-home/registry/src/github.com-1ecc6299db9ec823/uom-0.22.1/src/si/mod.rs:10:1
[INFO] [stdout]     |
[INFO] [stdout] 10  | / system! {
[INFO] [stdout] 11  | |     /// [International System of Quantities](http://jcgm.bipm.org/vim/en/1.6.html) (ISQ).
[INFO] [stdout] 12  | |     quantities: ISQ {
[INFO] [stdout] 13  | |         length: meter, L;
[INFO] [stdout] ...   |
[INFO] [stdout] 56  | |     }
[INFO] [stdout] 57  | | }
[INFO] [stdout]     | |_- in this macro invocation
[INFO] [stdout]     |
[INFO] [stdout]     = note: this error originates in a macro (in Nightly builds, run with -Z macro-backtrace for more info)
[INFO] [stdout] 
[INFO] [stdout] 
[INFO] [stdout] error[E0277]: the trait bound `<<D as si::Dimension>::L as typenum::PartialDiv<PInt<UInt<UInt<UTerm, B1>, B1>>>>::Output: Integer` is not satisfied
[INFO] [stdout]    --> /opt/rustwide/cargo-home/registry/src/github.com-1ecc6299db9ec823/uom-0.22.1/src/system.rs:609:18
[INFO] [stdout]     |
[INFO] [stdout] 230 |           pub struct Quantity<D, U, V>
[INFO] [stdout]     |                      -------- required by a bound in this
[INFO] [stdout] 231 |           where
[INFO] [stdout] 232 |               D: Dimension + ?Sized,
[INFO] [stdout]     |                  --------- required by this bound in `si::Quantity`
[INFO] [stdout] ...
[INFO] [stdout] 609 |               ) -> Quantity<
[INFO] [stdout]     |  __________________^
[INFO] [stdout] 610 | |                 $quantities<$($crate::typenum::PartialQuot<D::$symbol, $crate::typenum::P3>),+>,
[INFO] [stdout] 611 | |                 U, V>
[INFO] [stdout]     | |_____________________^ the trait `Integer` is not implemented for `<<D as si::Dimension>::L as typenum::PartialDiv<PInt<UInt<UInt<UTerm, B1>, B1>>>>::Output`
[INFO] [stdout]     | 
[INFO] [stdout]    ::: /opt/rustwide/cargo-home/registry/src/github.com-1ecc6299db9ec823/uom-0.22.1/src/si/mod.rs:10:1
[INFO] [stdout]     |
[INFO] [stdout] 10  | / system! {
[INFO] [stdout] 11  | |     /// [International System of Quantities](http://jcgm.bipm.org/vim/en/1.6.html) (ISQ).
[INFO] [stdout] 12  | |     quantities: ISQ {
[INFO] [stdout] 13  | |         length: meter, L;
[INFO] [stdout] ...   |
[INFO] [stdout] 56  | |     }
[INFO] [stdout] 57  | | }
[INFO] [stdout]     | |_- in this macro invocation
[INFO] [stdout]     |
[INFO] [stdout]     = note: this error originates in a macro (in Nightly builds, run with -Z macro-backtrace for more info)
[INFO] [stdout] 
[INFO] [stdout] 
[INFO] [stdout] error[E0277]: the trait bound `<<D as si::Dimension>::M as typenum::PartialDiv<PInt<UInt<UInt<UTerm, B1>, B1>>>>::Output: Integer` is not satisfied
[INFO] [stdout]    --> /opt/rustwide/cargo-home/registry/src/github.com-1ecc6299db9ec823/uom-0.22.1/src/system.rs:609:18
[INFO] [stdout]     |
[INFO] [stdout] 230 |           pub struct Quantity<D, U, V>
[INFO] [stdout]     |                      -------- required by a bound in this
[INFO] [stdout] 231 |           where
[INFO] [stdout] 232 |               D: Dimension + ?Sized,
[INFO] [stdout]     |                  --------- required by this bound in `si::Quantity`
[INFO] [stdout] ...
[INFO] [stdout] 609 |               ) -> Quantity<
[INFO] [stdout]     |  __________________^
[INFO] [stdout] 610 | |                 $quantities<$($crate::typenum::PartialQuot<D::$symbol, $crate::typenum::P3>),+>,
[INFO] [stdout] 611 | |                 U, V>
[INFO] [stdout]     | |_____________________^ the trait `Integer` is not implemented for `<<D as si::Dimension>::M as typenum::PartialDiv<PInt<UInt<UInt<UTerm, B1>, B1>>>>::Output`
[INFO] [stdout]     | 
[INFO] [stdout]    ::: /opt/rustwide/cargo-home/registry/src/github.com-1ecc6299db9ec823/uom-0.22.1/src/si/mod.rs:10:1
[INFO] [stdout]     |
[INFO] [stdout] 10  | / system! {
[INFO] [stdout] 11  | |     /// [International System of Quantities](http://jcgm.bipm.org/vim/en/1.6.html) (ISQ).
[INFO] [stdout] 12  | |     quantities: ISQ {
[INFO] [stdout] 13  | |         length: meter, L;
[INFO] [stdout] ...   |
[INFO] [stdout] 56  | |     }
[INFO] [stdout] 57  | | }
[INFO] [stdout]     | |_- in this macro invocation
[INFO] [stdout]     |
[INFO] [stdout]     = note: this error originates in a macro (in Nightly builds, run with -Z macro-backtrace for more info)
[INFO] [stdout] 
[INFO] [stdout] 
[INFO] [stdout] error[E0277]: the trait bound `<<D as si::Dimension>::T as typenum::PartialDiv<PInt<UInt<UInt<UTerm, B1>, B1>>>>::Output: Integer` is not satisfied
[INFO] [stdout]    --> /opt/rustwide/cargo-home/registry/src/github.com-1ecc6299db9ec823/uom-0.22.1/src/system.rs:609:18
[INFO] [stdout]     |
[INFO] [stdout] 230 |           pub struct Quantity<D, U, V>
[INFO] [stdout]     |                      -------- required by a bound in this
[INFO] [stdout] 231 |           where
[INFO] [stdout] 232 |               D: Dimension + ?Sized,
[INFO] [stdout]     |                  --------- required by this bound in `si::Quantity`
[INFO] [stdout] ...
[INFO] [stdout] 609 |               ) -> Quantity<
[INFO] [stdout]     |  __________________^
[INFO] [stdout] 610 | |                 $quantities<$($crate::typenum::PartialQuot<D::$symbol, $crate::typenum::P3>),+>,
[INFO] [stdout] 611 | |                 U, V>
[INFO] [stdout]     | |_____________________^ the trait `Integer` is not implemented for `<<D as si::Dimension>::T as typenum::PartialDiv<PInt<UInt<UInt<UTerm, B1>, B1>>>>::Output`
[INFO] [stdout]     | 
[INFO] [stdout]    ::: /opt/rustwide/cargo-home/registry/src/github.com-1ecc6299db9ec823/uom-0.22.1/src/si/mod.rs:10:1
[INFO] [stdout]     |
[INFO] [stdout] 10  | / system! {
[INFO] [stdout] 11  | |     /// [International System of Quantities](http://jcgm.bipm.org/vim/en/1.6.html) (ISQ).
[INFO] [stdout] 12  | |     quantities: ISQ {
[INFO] [stdout] 13  | |         length: meter, L;
[INFO] [stdout] ...   |
[INFO] [stdout] 56  | |     }
[INFO] [stdout] 57  | | }
[INFO] [stdout]     | |_- in this macro invocation
[INFO] [stdout]     |
[INFO] [stdout]     = note: this error originates in a macro (in Nightly builds, run with -Z macro-backtrace for more info)
[INFO] [stdout] 
[INFO] [stdout] 
[INFO] [stdout] error[E0277]: the trait bound `<<D as si::Dimension>::I as typenum::PartialDiv<PInt<UInt<UInt<UTerm, B1>, B1>>>>::Output: Integer` is not satisfied
[INFO] [stdout]    --> /opt/rustwide/cargo-home/registry/src/github.com-1ecc6299db9ec823/uom-0.22.1/src/system.rs:609:18
[INFO] [stdout]     |
[INFO] [stdout] 230 |           pub struct Quantity<D, U, V>
[INFO] [stdout]     |                      -------- required by a bound in this
[INFO] [stdout] 231 |           where
[INFO] [stdout] 232 |               D: Dimension + ?Sized,
[INFO] [stdout]     |                  --------- required by this bound in `si::Quantity`
[INFO] [stdout] ...
[INFO] [stdout] 609 |               ) -> Quantity<
[INFO] [stdout]     |  __________________^
[INFO] [stdout] 610 | |                 $quantities<$($crate::typenum::PartialQuot<D::$symbol, $crate::typenum::P3>),+>,
[INFO] [stdout] 611 | |                 U, V>
[INFO] [stdout]     | |_____________________^ the trait `Integer` is not implemented for `<<D as si::Dimension>::I as typenum::PartialDiv<PInt<UInt<UInt<UTerm, B1>, B1>>>>::Output`
[INFO] [stdout]     | 
[INFO] [stdout]    ::: /opt/rustwide/cargo-home/registry/src/github.com-1ecc6299db9ec823/uom-0.22.1/src/si/mod.rs:10:1
[INFO] [stdout]     |
[INFO] [stdout] 10  | / system! {
[INFO] [stdout] 11  | |     /// [International System of Quantities](http://jcgm.bipm.org/vim/en/1.6.html) (ISQ).
[INFO] [stdout] 12  | |     quantities: ISQ {
[INFO] [stdout] 13  | |         length: meter, L;
[INFO] [stdout] ...   |
[INFO] [stdout] 56  | |     }
[INFO] [stdout] 57  | | }
[INFO] [stdout]     | |_- in this macro invocation
[INFO] [stdout]     |
[INFO] [stdout]     = note: this error originates in a macro (in Nightly builds, run with -Z macro-backtrace for more info)
[INFO] [stdout] 
[INFO] [stdout] 
[INFO] [stdout] error[E0277]: the trait bound `<<D as si::Dimension>::Th as typenum::PartialDiv<PInt<UInt<UInt<UTerm, B1>, B1>>>>::Output: Integer` is not satisfied
[INFO] [stdout]    --> /opt/rustwide/cargo-home/registry/src/github.com-1ecc6299db9ec823/uom-0.22.1/src/system.rs:609:18
[INFO] [stdout]     |
[INFO] [stdout] 230 |           pub struct Quantity<D, U, V>
[INFO] [stdout]     |                      -------- required by a bound in this
[INFO] [stdout] 231 |           where
[INFO] [stdout] 232 |               D: Dimension + ?Sized,
[INFO] [stdout]     |                  --------- required by this bound in `si::Quantity`
[INFO] [stdout] ...
[INFO] [stdout] 609 |               ) -> Quantity<
[INFO] [stdout]     |  __________________^
[INFO] [stdout] 610 | |                 $quantities<$($crate::typenum::PartialQuot<D::$symbol, $crate::typenum::P3>),+>,
[INFO] [stdout] 611 | |                 U, V>
[INFO] [stdout]     | |_____________________^ the trait `Integer` is not implemented for `<<D as si::Dimension>::Th as typenum::PartialDiv<PInt<UInt<UInt<UTerm, B1>, B1>>>>::Output`
[INFO] [stdout]     | 
[INFO] [stdout]    ::: /opt/rustwide/cargo-home/registry/src/github.com-1ecc6299db9ec823/uom-0.22.1/src/si/mod.rs:10:1
[INFO] [stdout]     |
[INFO] [stdout] 10  | / system! {
[INFO] [stdout] 11  | |     /// [International System of Quantities](http://jcgm.bipm.org/vim/en/1.6.html) (ISQ).
[INFO] [stdout] 12  | |     quantities: ISQ {
[INFO] [stdout] 13  | |         length: meter, L;
[INFO] [stdout] ...   |
[INFO] [stdout] 56  | |     }
[INFO] [stdout] 57  | | }
[INFO] [stdout]     | |_- in this macro invocation
[INFO] [stdout]     |
[INFO] [stdout]     = note: this error originates in a macro (in Nightly builds, run with -Z macro-backtrace for more info)
[INFO] [stdout] 
[INFO] [stdout] 
[INFO] [stdout] error[E0277]: the trait bound `<<D as si::Dimension>::N as typenum::PartialDiv<PInt<UInt<UInt<UTerm, B1>, B1>>>>::Output: Integer` is not satisfied
[INFO] [stdout]    --> /opt/rustwide/cargo-home/registry/src/github.com-1ecc6299db9ec823/uom-0.22.1/src/system.rs:609:18
[INFO] [stdout]     |
[INFO] [stdout] 230 |           pub struct Quantity<D, U, V>
[INFO] [stdout]     |                      -------- required by a bound in this
[INFO] [stdout] 231 |           where
[INFO] [stdout] 232 |               D: Dimension + ?Sized,
[INFO] [stdout]     |                  --------- required by this bound in `si::Quantity`
[INFO] [stdout] ...
[INFO] [stdout] 609 |               ) -> Quantity<
[INFO] [stdout]     |  __________________^
[INFO] [stdout] 610 | |                 $quantities<$($crate::typenum::PartialQuot<D::$symbol, $crate::typenum::P3>),+>,
[INFO] [stdout] 611 | |                 U, V>
[INFO] [stdout]     | |_____________________^ the trait `Integer` is not implemented for `<<D as si::Dimension>::N as typenum::PartialDiv<PInt<UInt<UInt<UTerm, B1>, B1>>>>::Output`
[INFO] [stdout]     | 
[INFO] [stdout]    ::: /opt/rustwide/cargo-home/registry/src/github.com-1ecc6299db9ec823/uom-0.22.1/src/si/mod.rs:10:1
[INFO] [stdout]     |
[INFO] [stdout] 10  | / system! {
[INFO] [stdout] 11  | |     /// [International System of Quantities](http://jcgm.bipm.org/vim/en/1.6.html) (ISQ).
[INFO] [stdout] 12  | |     quantities: ISQ {
[INFO] [stdout] 13  | |         length: meter, L;
[INFO] [stdout] ...   |
[INFO] [stdout] 56  | |     }
[INFO] [stdout] 57  | | }
[INFO] [stdout]     | |_- in this macro invocation
[INFO] [stdout]     |
[INFO] [stdout]     = note: this error originates in a macro (in Nightly builds, run with -Z macro-backtrace for more info)
[INFO] [stdout] 
[INFO] [stdout] 
[INFO] [stdout] error[E0277]: the trait bound `<<D as si::Dimension>::J as typenum::PartialDiv<PInt<UInt<UInt<UTerm, B1>, B1>>>>::Output: Integer` is not satisfied
[INFO] [stdout]    --> /opt/rustwide/cargo-home/registry/src/github.com-1ecc6299db9ec823/uom-0.22.1/src/system.rs:609:18
[INFO] [stdout]     |
[INFO] [stdout] 230 |           pub struct Quantity<D, U, V>
[INFO] [stdout]     |                      -------- required by a bound in this
[INFO] [stdout] 231 |           where
[INFO] [stdout] 232 |               D: Dimension + ?Sized,
[INFO] [stdout]     |                  --------- required by this bound in `si::Quantity`
[INFO] [stdout] ...
[INFO] [stdout] 609 |               ) -> Quantity<
[INFO] [stdout]     |  __________________^
[INFO] [stdout] 610 | |                 $quantities<$($crate::typenum::PartialQuot<D::$symbol, $crate::typenum::P3>),+>,
[INFO] [stdout] 611 | |                 U, V>
[INFO] [stdout]     | |_____________________^ the trait `Integer` is not implemented for `<<D as si::Dimension>::J as typenum::PartialDiv<PInt<UInt<UInt<UTerm, B1>, B1>>>>::Output`
[INFO] [stdout]     | 
[INFO] [stdout]    ::: /opt/rustwide/cargo-home/registry/src/github.com-1ecc6299db9ec823/uom-0.22.1/src/si/mod.rs:10:1
[INFO] [stdout]     |
[INFO] [stdout] 10  | / system! {
[INFO] [stdout] 11  | |     /// [International System of Quantities](http://jcgm.bipm.org/vim/en/1.6.html) (ISQ).
[INFO] [stdout] 12  | |     quantities: ISQ {
[INFO] [stdout] 13  | |         length: meter, L;
[INFO] [stdout] ...   |
[INFO] [stdout] 56  | |     }
[INFO] [stdout] 57  | | }
[INFO] [stdout]     | |_- in this macro invocation
[INFO] [stdout]     |
[INFO] [stdout]     = note: this error originates in a macro (in Nightly builds, run with -Z macro-backtrace for more info)
[INFO] [stdout] 
[INFO] [stdout] 
[INFO] [stdout] error[E0277]: the trait bound `<<D as si::Dimension>::L as std::ops::Add<<Da as si::Dimension>::L>>::Output: Integer` is not satisfied
[INFO] [stdout]    --> /opt/rustwide/cargo-home/registry/src/github.com-1ecc6299db9ec823/uom-0.22.1/src/system.rs:686:20
[INFO] [stdout]     |
[INFO] [stdout] 230 |           pub struct Quantity<D, U, V>
[INFO] [stdout]     |                      -------- required by a bound in this
[INFO] [stdout] 231 |           where
[INFO] [stdout] 232 |               D: Dimension + ?Sized,
[INFO] [stdout]     |                  --------- required by this bound in `si::Quantity`
[INFO] [stdout] ...
[INFO] [stdout] 686 |                   b: Quantity<$quantities<$($crate::typenum::Sum<D::$symbol, Da::$symbol>),+>, Ub, V>,
[INFO] [stdout]     |                      ^^^^^^^^^^^^^^^^^^^^^^^^^^^^^^^^^^^^^^^^^^^^^^^^^^^^^^^^^^^^^^^^^^^^^^^^^^^^^^^^ the trait `Integer` is not implemented for `<<D as si::Dimension>::L as std::ops::Add<<Da as si::Dimension>::L>>::Output`
[INFO] [stdout]     | 
[INFO] [stdout]    ::: /opt/rustwide/cargo-home/registry/src/github.com-1ecc6299db9ec823/uom-0.22.1/src/si/mod.rs:10:1
[INFO] [stdout]     |
[INFO] [stdout] 10  | / system! {
[INFO] [stdout] 11  | |     /// [International System of Quantities](http://jcgm.bipm.org/vim/en/1.6.html) (ISQ).
[INFO] [stdout] 12  | |     quantities: ISQ {
[INFO] [stdout] 13  | |         length: meter, L;
[INFO] [stdout] ...   |
[INFO] [stdout] 56  | |     }
[INFO] [stdout] 57  | | }
[INFO] [stdout]     | |_- in this macro invocation
[INFO] [stdout]     |
[INFO] [stdout]     = note: this error originates in a macro (in Nightly builds, run with -Z macro-backtrace for more info)
[INFO] [stdout] 
[INFO] [stdout] 
[INFO] [stdout] error[E0277]: the trait bound `<<D as si::Dimension>::M as std::ops::Add<<Da as si::Dimension>::M>>::Output: Integer` is not satisfied
[INFO] [stdout]    --> /opt/rustwide/cargo-home/registry/src/github.com-1ecc6299db9ec823/uom-0.22.1/src/system.rs:686:20
[INFO] [stdout]     |
[INFO] [stdout] 230 |           pub struct Quantity<D, U, V>
[INFO] [stdout]     |                      -------- required by a bound in this
[INFO] [stdout] 231 |           where
[INFO] [stdout] 232 |               D: Dimension + ?Sized,
[INFO] [stdout]     |                  --------- required by this bound in `si::Quantity`
[INFO] [stdout] ...
[INFO] [stdout] 686 |                   b: Quantity<$quantities<$($crate::typenum::Sum<D::$symbol, Da::$symbol>),+>, Ub, V>,
[INFO] [stdout]     |                      ^^^^^^^^^^^^^^^^^^^^^^^^^^^^^^^^^^^^^^^^^^^^^^^^^^^^^^^^^^^^^^^^^^^^^^^^^^^^^^^^ the trait `Integer` is not implemented for `<<D as si::Dimension>::M as std::ops::Add<<Da as si::Dimension>::M>>::Output`
[INFO] [stdout]     | 
[INFO] [stdout]    ::: /opt/rustwide/cargo-home/registry/src/github.com-1ecc6299db9ec823/uom-0.22.1/src/si/mod.rs:10:1
[INFO] [stdout]     |
[INFO] [stdout] 10  | / system! {
[INFO] [stdout] 11  | |     /// [International System of Quantities](http://jcgm.bipm.org/vim/en/1.6.html) (ISQ).
[INFO] [stdout] 12  | |     quantities: ISQ {
[INFO] [stdout] 13  | |         length: meter, L;
[INFO] [stdout] ...   |
[INFO] [stdout] 56  | |     }
[INFO] [stdout] 57  | | }
[INFO] [stdout]     | |_- in this macro invocation
[INFO] [stdout]     |
[INFO] [stdout]     = note: this error originates in a macro (in Nightly builds, run with -Z macro-backtrace for more info)
[INFO] [stdout] 
[INFO] [stdout] 
[INFO] [stdout] error[E0277]: the trait bound `<<D as si::Dimension>::T as std::ops::Add<<Da as si::Dimension>::T>>::Output: Integer` is not satisfied
[INFO] [stdout]    --> /opt/rustwide/cargo-home/registry/src/github.com-1ecc6299db9ec823/uom-0.22.1/src/system.rs:686:20
[INFO] [stdout]     |
[INFO] [stdout] 230 |           pub struct Quantity<D, U, V>
[INFO] [stdout]     |                      -------- required by a bound in this
[INFO] [stdout] 231 |           where
[INFO] [stdout] 232 |               D: Dimension + ?Sized,
[INFO] [stdout]     |                  --------- required by this bound in `si::Quantity`
[INFO] [stdout] ...
[INFO] [stdout] 686 |                   b: Quantity<$quantities<$($crate::typenum::Sum<D::$symbol, Da::$symbol>),+>, Ub, V>,
[INFO] [stdout]     |                      ^^^^^^^^^^^^^^^^^^^^^^^^^^^^^^^^^^^^^^^^^^^^^^^^^^^^^^^^^^^^^^^^^^^^^^^^^^^^^^^^ the trait `Integer` is not implemented for `<<D as si::Dimension>::T as std::ops::Add<<Da as si::Dimension>::T>>::Output`
[INFO] [stdout]     | 
[INFO] [stdout]    ::: /opt/rustwide/cargo-home/registry/src/github.com-1ecc6299db9ec823/uom-0.22.1/src/si/mod.rs:10:1
[INFO] [stdout]     |
[INFO] [stdout] 10  | / system! {
[INFO] [stdout] 11  | |     /// [International System of Quantities](http://jcgm.bipm.org/vim/en/1.6.html) (ISQ).
[INFO] [stdout] 12  | |     quantities: ISQ {
[INFO] [stdout] 13  | |         length: meter, L;
[INFO] [stdout] ...   |
[INFO] [stdout] 56  | |     }
[INFO] [stdout] 57  | | }
[INFO] [stdout]     | |_- in this macro invocation
[INFO] [stdout]     |
[INFO] [stdout]     = note: this error originates in a macro (in Nightly builds, run with -Z macro-backtrace for more info)
[INFO] [stdout] 
[INFO] [stdout] 
[INFO] [stdout] error[E0277]: the trait bound `<<D as si::Dimension>::I as std::ops::Add<<Da as si::Dimension>::I>>::Output: Integer` is not satisfied
[INFO] [stdout]    --> /opt/rustwide/cargo-home/registry/src/github.com-1ecc6299db9ec823/uom-0.22.1/src/system.rs:686:20
[INFO] [stdout]     |
[INFO] [stdout] 230 |           pub struct Quantity<D, U, V>
[INFO] [stdout]     |                      -------- required by a bound in this
[INFO] [stdout] 231 |           where
[INFO] [stdout] 232 |               D: Dimension + ?Sized,
[INFO] [stdout]     |                  --------- required by this bound in `si::Quantity`
[INFO] [stdout] ...
[INFO] [stdout] 686 |                   b: Quantity<$quantities<$($crate::typenum::Sum<D::$symbol, Da::$symbol>),+>, Ub, V>,
[INFO] [stdout]     |                      ^^^^^^^^^^^^^^^^^^^^^^^^^^^^^^^^^^^^^^^^^^^^^^^^^^^^^^^^^^^^^^^^^^^^^^^^^^^^^^^^ the trait `Integer` is not implemented for `<<D as si::Dimension>::I as std::ops::Add<<Da as si::Dimension>::I>>::Output`
[INFO] [stdout]     | 
[INFO] [stdout]    ::: /opt/rustwide/cargo-home/registry/src/github.com-1ecc6299db9ec823/uom-0.22.1/src/si/mod.rs:10:1
[INFO] [stdout]     |
[INFO] [stdout] 10  | / system! {
[INFO] [stdout] 11  | |     /// [International System of Quantities](http://jcgm.bipm.org/vim/en/1.6.html) (ISQ).
[INFO] [stdout] 12  | |     quantities: ISQ {
[INFO] [stdout] 13  | |         length: meter, L;
[INFO] [stdout] ...   |
[INFO] [stdout] 56  | |     }
[INFO] [stdout] 57  | | }
[INFO] [stdout]     | |_- in this macro invocation
[INFO] [stdout]     |
[INFO] [stdout]     = note: this error originates in a macro (in Nightly builds, run with -Z macro-backtrace for more info)
[INFO] [stdout] 
[INFO] [stdout] 
[INFO] [stdout] error[E0277]: the trait bound `<<D as si::Dimension>::Th as std::ops::Add<<Da as si::Dimension>::Th>>::Output: Integer` is not satisfied
[INFO] [stdout]    --> /opt/rustwide/cargo-home/registry/src/github.com-1ecc6299db9ec823/uom-0.22.1/src/system.rs:686:20
[INFO] [stdout]     |
[INFO] [stdout] 230 |           pub struct Quantity<D, U, V>
[INFO] [stdout]     |                      -------- required by a bound in this
[INFO] [stdout] 231 |           where
[INFO] [stdout] 232 |               D: Dimension + ?Sized,
[INFO] [stdout]     |                  --------- required by this bound in `si::Quantity`
[INFO] [stdout] ...
[INFO] [stdout] 686 |                   b: Quantity<$quantities<$($crate::typenum::Sum<D::$symbol, Da::$symbol>),+>, Ub, V>,
[INFO] [stdout]     |                      ^^^^^^^^^^^^^^^^^^^^^^^^^^^^^^^^^^^^^^^^^^^^^^^^^^^^^^^^^^^^^^^^^^^^^^^^^^^^^^^^ the trait `Integer` is not implemented for `<<D as si::Dimension>::Th as std::ops::Add<<Da as si::Dimension>::Th>>::Output`
[INFO] [stdout]     | 
[INFO] [stdout]    ::: /opt/rustwide/cargo-home/registry/src/github.com-1ecc6299db9ec823/uom-0.22.1/src/si/mod.rs:10:1
[INFO] [stdout]     |
[INFO] [stdout] 10  | / system! {
[INFO] [stdout] 11  | |     /// [International System of Quantities](http://jcgm.bipm.org/vim/en/1.6.html) (ISQ).
[INFO] [stdout] 12  | |     quantities: ISQ {
[INFO] [stdout] 13  | |         length: meter, L;
[INFO] [stdout] ...   |
[INFO] [stdout] 56  | |     }
[INFO] [stdout] 57  | | }
[INFO] [stdout]     | |_- in this macro invocation
[INFO] [stdout]     |
[INFO] [stdout]     = note: this error originates in a macro (in Nightly builds, run with -Z macro-backtrace for more info)
[INFO] [stdout] 
[INFO] [stdout] 
[INFO] [stdout] error[E0277]: the trait bound `<<D as si::Dimension>::N as std::ops::Add<<Da as si::Dimension>::N>>::Output: Integer` is not satisfied
[INFO] [stdout]    --> /opt/rustwide/cargo-home/registry/src/github.com-1ecc6299db9ec823/uom-0.22.1/src/system.rs:686:20
[INFO] [stdout]     |
[INFO] [stdout] 230 |           pub struct Quantity<D, U, V>
[INFO] [stdout]     |                      -------- required by a bound in this
[INFO] [stdout] 231 |           where
[INFO] [stdout] 232 |               D: Dimension + ?Sized,
[INFO] [stdout]     |                  --------- required by this bound in `si::Quantity`
[INFO] [stdout] ...
[INFO] [stdout] 686 |                   b: Quantity<$quantities<$($crate::typenum::Sum<D::$symbol, Da::$symbol>),+>, Ub, V>,
[INFO] [stdout]     |                      ^^^^^^^^^^^^^^^^^^^^^^^^^^^^^^^^^^^^^^^^^^^^^^^^^^^^^^^^^^^^^^^^^^^^^^^^^^^^^^^^ the trait `Integer` is not implemented for `<<D as si::Dimension>::N as std::ops::Add<<Da as si::Dimension>::N>>::Output`
[INFO] [stdout]     | 
[INFO] [stdout]    ::: /opt/rustwide/cargo-home/registry/src/github.com-1ecc6299db9ec823/uom-0.22.1/src/si/mod.rs:10:1
[INFO] [stdout]     |
[INFO] [stdout] 10  | / system! {
[INFO] [stdout] 11  | |     /// [International System of Quantities](http://jcgm.bipm.org/vim/en/1.6.html) (ISQ).
[INFO] [stdout] 12  | |     quantities: ISQ {
[INFO] [stdout] 13  | |         length: meter, L;
[INFO] [stdout] ...   |
[INFO] [stdout] 56  | |     }
[INFO] [stdout] 57  | | }
[INFO] [stdout]     | |_- in this macro invocation
[INFO] [stdout]     |
[INFO] [stdout]     = note: this error originates in a macro (in Nightly builds, run with -Z macro-backtrace for more info)
[INFO] [stdout] 
[INFO] [stdout] 
[INFO] [stdout] error[E0277]: the trait bound `<<D as si::Dimension>::J as std::ops::Add<<Da as si::Dimension>::J>>::Output: Integer` is not satisfied
[INFO] [stdout]    --> /opt/rustwide/cargo-home/registry/src/github.com-1ecc6299db9ec823/uom-0.22.1/src/system.rs:686:20
[INFO] [stdout]     |
[INFO] [stdout] 230 |           pub struct Quantity<D, U, V>
[INFO] [stdout]     |                      -------- required by a bound in this
[INFO] [stdout] 231 |           where
[INFO] [stdout] 232 |               D: Dimension + ?Sized,
[INFO] [stdout]     |                  --------- required by this bound in `si::Quantity`
[INFO] [stdout] ...
[INFO] [stdout] 686 |                   b: Quantity<$quantities<$($crate::typenum::Sum<D::$symbol, Da::$symbol>),+>, Ub, V>,
[INFO] [stdout]     |                      ^^^^^^^^^^^^^^^^^^^^^^^^^^^^^^^^^^^^^^^^^^^^^^^^^^^^^^^^^^^^^^^^^^^^^^^^^^^^^^^^ the trait `Integer` is not implemented for `<<D as si::Dimension>::J as std::ops::Add<<Da as si::Dimension>::J>>::Output`
[INFO] [stdout]     | 
[INFO] [stdout]    ::: /opt/rustwide/cargo-home/registry/src/github.com-1ecc6299db9ec823/uom-0.22.1/src/si/mod.rs:10:1
[INFO] [stdout]     |
[INFO] [stdout] 10  | / system! {
[INFO] [stdout] 11  | |     /// [International System of Quantities](http://jcgm.bipm.org/vim/en/1.6.html) (ISQ).
[INFO] [stdout] 12  | |     quantities: ISQ {
[INFO] [stdout] 13  | |         length: meter, L;
[INFO] [stdout] ...   |
[INFO] [stdout] 56  | |     }
[INFO] [stdout] 57  | | }
[INFO] [stdout]     | |_- in this macro invocation
[INFO] [stdout]     |
[INFO] [stdout]     = note: this error originates in a macro (in Nightly builds, run with -Z macro-backtrace for more info)
[INFO] [stdout] 
[INFO] [stdout] 
[INFO] [stdout] error[E0277]: the trait bound `<<D as si::Dimension>::L as typenum::PartialDiv<PInt<UInt<UInt<UTerm, B1>, B0>>>>::Output: Integer` is not satisfied
[INFO] [stdout]    --> /opt/rustwide/cargo-home/registry/src/github.com-1ecc6299db9ec823/uom-0.22.1/src/system.rs:777:18
[INFO] [stdout]     |
[INFO] [stdout] 230 |           pub struct Quantity<D, U, V>
[INFO] [stdout]     |                      -------- required by a bound in this
[INFO] [stdout] 231 |           where
[INFO] [stdout] 232 |               D: Dimension + ?Sized,
[INFO] [stdout]     |                  --------- required by this bound in `si::Quantity`
[INFO] [stdout] ...
[INFO] [stdout] 777 |               ) -> Quantity<
[INFO] [stdout]     |  __________________^
[INFO] [stdout] 778 | |                 $quantities<$($crate::typenum::PartialQuot<D::$symbol, $crate::typenum::P2>),+>,
[INFO] [stdout] 779 | |                 U, V>
[INFO] [stdout]     | |_____________________^ the trait `Integer` is not implemented for `<<D as si::Dimension>::L as typenum::PartialDiv<PInt<UInt<UInt<UTerm, B1>, B0>>>>::Output`
[INFO] [stdout]     | 
[INFO] [stdout]    ::: /opt/rustwide/cargo-home/registry/src/github.com-1ecc6299db9ec823/uom-0.22.1/src/si/mod.rs:10:1
[INFO] [stdout]     |
[INFO] [stdout] 10  | / system! {
[INFO] [stdout] 11  | |     /// [International System of Quantities](http://jcgm.bipm.org/vim/en/1.6.html) (ISQ).
[INFO] [stdout] 12  | |     quantities: ISQ {
[INFO] [stdout] 13  | |         length: meter, L;
[INFO] [stdout] ...   |
[INFO] [stdout] 56  | |     }
[INFO] [stdout] 57  | | }
[INFO] [stdout]     | |_- in this macro invocation
[INFO] [stdout]     |
[INFO] [stdout]     = note: this error originates in a macro (in Nightly builds, run with -Z macro-backtrace for more info)
[INFO] [stdout] 
[INFO] [stdout] 
[INFO] [stdout] error[E0277]: the trait bound `<<D as si::Dimension>::M as typenum::PartialDiv<PInt<UInt<UInt<UTerm, B1>, B0>>>>::Output: Integer` is not satisfied
[INFO] [stdout]    --> /opt/rustwide/cargo-home/registry/src/github.com-1ecc6299db9ec823/uom-0.22.1/src/system.rs:777:18
[INFO] [stdout]     |
[INFO] [stdout] 230 |           pub struct Quantity<D, U, V>
[INFO] [stdout]     |                      -------- required by a bound in this
[INFO] [stdout] 231 |           where
[INFO] [stdout] 232 |               D: Dimension + ?Sized,
[INFO] [stdout]     |                  --------- required by this bound in `si::Quantity`
[INFO] [stdout] ...
[INFO] [stdout] 777 |               ) -> Quantity<
[INFO] [stdout]     |  __________________^
[INFO] [stdout] 778 | |                 $quantities<$($crate::typenum::PartialQuot<D::$symbol, $crate::typenum::P2>),+>,
[INFO] [stdout] 779 | |                 U, V>
[INFO] [stdout]     | |_____________________^ the trait `Integer` is not implemented for `<<D as si::Dimension>::M as typenum::PartialDiv<PInt<UInt<UInt<UTerm, B1>, B0>>>>::Output`
[INFO] [stdout]     | 
[INFO] [stdout]    ::: /opt/rustwide/cargo-home/registry/src/github.com-1ecc6299db9ec823/uom-0.22.1/src/si/mod.rs:10:1
[INFO] [stdout]     |
[INFO] [stdout] 10  | / system! {
[INFO] [stdout] 11  | |     /// [International System of Quantities](http://jcgm.bipm.org/vim/en/1.6.html) (ISQ).
[INFO] [stdout] 12  | |     quantities: ISQ {
[INFO] [stdout] 13  | |         length: meter, L;
[INFO] [stdout] ...   |
[INFO] [stdout] 56  | |     }
[INFO] [stdout] 57  | | }
[INFO] [stdout]     | |_- in this macro invocation
[INFO] [stdout]     |
[INFO] [stdout]     = note: this error originates in a macro (in Nightly builds, run with -Z macro-backtrace for more info)
[INFO] [stdout] 
[INFO] [stdout] 
[INFO] [stdout] error[E0277]: the trait bound `<<D as si::Dimension>::T as typenum::PartialDiv<PInt<UInt<UInt<UTerm, B1>, B0>>>>::Output: Integer` is not satisfied
[INFO] [stdout]    --> /opt/rustwide/cargo-home/registry/src/github.com-1ecc6299db9ec823/uom-0.22.1/src/system.rs:777:18
[INFO] [stdout]     |
[INFO] [stdout] 230 |           pub struct Quantity<D, U, V>
[INFO] [stdout]     |                      -------- required by a bound in this
[INFO] [stdout] 231 |           where
[INFO] [stdout] 232 |               D: Dimension + ?Sized,
[INFO] [stdout]     |                  --------- required by this bound in `si::Quantity`
[INFO] [stdout] ...
[INFO] [stdout] 777 |               ) -> Quantity<
[INFO] [stdout]     |  __________________^
[INFO] [stdout] 778 | |                 $quantities<$($crate::typenum::PartialQuot<D::$symbol, $crate::typenum::P2>),+>,
[INFO] [stdout] 779 | |                 U, V>
[INFO] [stdout]     | |_____________________^ the trait `Integer` is not implemented for `<<D as si::Dimension>::T as typenum::PartialDiv<PInt<UInt<UInt<UTerm, B1>, B0>>>>::Output`
[INFO] [stdout]     | 
[INFO] [stdout]    ::: /opt/rustwide/cargo-home/registry/src/github.com-1ecc6299db9ec823/uom-0.22.1/src/si/mod.rs:10:1
[INFO] [stdout]     |
[INFO] [stdout] 10  | / system! {
[INFO] [stdout] 11  | |     /// [International System of Quantities](http://jcgm.bipm.org/vim/en/1.6.html) (ISQ).
[INFO] [stdout] 12  | |     quantities: ISQ {
[INFO] [stdout] 13  | |         length: meter, L;
[INFO] [stdout] ...   |
[INFO] [stdout] 56  | |     }
[INFO] [stdout] 57  | | }
[INFO] [stdout]     | |_- in this macro invocation
[INFO] [stdout]     |
[INFO] [stdout]     = note: this error originates in a macro (in Nightly builds, run with -Z macro-backtrace for more info)
[INFO] [stdout] 
[INFO] [stdout] 
[INFO] [stdout] error[E0277]: the trait bound `<<D as si::Dimension>::I as typenum::PartialDiv<PInt<UInt<UInt<UTerm, B1>, B0>>>>::Output: Integer` is not satisfied
[INFO] [stdout]    --> /opt/rustwide/cargo-home/registry/src/github.com-1ecc6299db9ec823/uom-0.22.1/src/system.rs:777:18
[INFO] [stdout]     |
[INFO] [stdout] 230 |           pub struct Quantity<D, U, V>
[INFO] [stdout]     |                      -------- required by a bound in this
[INFO] [stdout] 231 |           where
[INFO] [stdout] 232 |               D: Dimension + ?Sized,
[INFO] [stdout]     |                  --------- required by this bound in `si::Quantity`
[INFO] [stdout] ...
[INFO] [stdout] 777 |               ) -> Quantity<
[INFO] [stdout]     |  __________________^
[INFO] [stdout] 778 | |                 $quantities<$($crate::typenum::PartialQuot<D::$symbol, $crate::typenum::P2>),+>,
[INFO] [stdout] 779 | |                 U, V>
[INFO] [stdout]     | |_____________________^ the trait `Integer` is not implemented for `<<D as si::Dimension>::I as typenum::PartialDiv<PInt<UInt<UInt<UTerm, B1>, B0>>>>::Output`
[INFO] [stdout]     | 
[INFO] [stdout]    ::: /opt/rustwide/cargo-home/registry/src/github.com-1ecc6299db9ec823/uom-0.22.1/src/si/mod.rs:10:1
[INFO] [stdout]     |
[INFO] [stdout] 10  | / system! {
[INFO] [stdout] 11  | |     /// [International System of Quantities](http://jcgm.bipm.org/vim/en/1.6.html) (ISQ).
[INFO] [stdout] 12  | |     quantities: ISQ {
[INFO] [stdout] 13  | |         length: meter, L;
[INFO] [stdout] ...   |
[INFO] [stdout] 56  | |     }
[INFO] [stdout] 57  | | }
[INFO] [stdout]     | |_- in this macro invocation
[INFO] [stdout]     |
[INFO] [stdout]     = note: this error originates in a macro (in Nightly builds, run with -Z macro-backtrace for more info)
[INFO] [stdout] 
[INFO] [stdout] 
[INFO] [stdout] error[E0277]: the trait bound `<<D as si::Dimension>::Th as typenum::PartialDiv<PInt<UInt<UInt<UTerm, B1>, B0>>>>::Output: Integer` is not satisfied
[INFO] [stdout]    --> /opt/rustwide/cargo-home/registry/src/github.com-1ecc6299db9ec823/uom-0.22.1/src/system.rs:777:18
[INFO] [stdout]     |
[INFO] [stdout] 230 |           pub struct Quantity<D, U, V>
[INFO] [stdout]     |                      -------- required by a bound in this
[INFO] [stdout] 231 |           where
[INFO] [stdout] 232 |               D: Dimension + ?Sized,
[INFO] [stdout]     |                  --------- required by this bound in `si::Quantity`
[INFO] [stdout] ...
[INFO] [stdout] 777 |               ) -> Quantity<
[INFO] [stdout]     |  __________________^
[INFO] [stdout] 778 | |                 $quantities<$($crate::typenum::PartialQuot<D::$symbol, $crate::typenum::P2>),+>,
[INFO] [stdout] 779 | |                 U, V>
[INFO] [stdout]     | |_____________________^ the trait `Integer` is not implemented for `<<D as si::Dimension>::Th as typenum::PartialDiv<PInt<UInt<UInt<UTerm, B1>, B0>>>>::Output`
[INFO] [stdout]     | 
[INFO] [stdout]    ::: /opt/rustwide/cargo-home/registry/src/github.com-1ecc6299db9ec823/uom-0.22.1/src/si/mod.rs:10:1
[INFO] [stdout]     |
[INFO] [stdout] 10  | / system! {
[INFO] [stdout] 11  | |     /// [International System of Quantities](http://jcgm.bipm.org/vim/en/1.6.html) (ISQ).
[INFO] [stdout] 12  | |     quantities: ISQ {
[INFO] [stdout] 13  | |         length: meter, L;
[INFO] [stdout] ...   |
[INFO] [stdout] 56  | |     }
[INFO] [stdout] 57  | | }
[INFO] [stdout]     | |_- in this macro invocation
[INFO] [stdout]     |
[INFO] [stdout]     = note: this error originates in a macro (in Nightly builds, run with -Z macro-backtrace for more info)
[INFO] [stdout] 
[INFO] [stdout] 
[INFO] [stdout] error[E0277]: the trait bound `<<D as si::Dimension>::N as typenum::PartialDiv<PInt<UInt<UInt<UTerm, B1>, B0>>>>::Output: Integer` is not satisfied
[INFO] [stdout]    --> /opt/rustwide/cargo-home/registry/src/github.com-1ecc6299db9ec823/uom-0.22.1/src/system.rs:777:18
[INFO] [stdout]     |
[INFO] [stdout] 230 |           pub struct Quantity<D, U, V>
[INFO] [stdout]     |                      -------- required by a bound in this
[INFO] [stdout] 231 |           where
[INFO] [stdout] 232 |               D: Dimension + ?Sized,
[INFO] [stdout]     |                  --------- required by this bound in `si::Quantity`
[INFO] [stdout] ...
[INFO] [stdout] 777 |               ) -> Quantity<
[INFO] [stdout]     |  __________________^
[INFO] [stdout] 778 | |                 $quantities<$($crate::typenum::PartialQuot<D::$symbol, $crate::typenum::P2>),+>,
[INFO] [stdout] 779 | |                 U, V>
[INFO] [stdout]     | |_____________________^ the trait `Integer` is not implemented for `<<D as si::Dimension>::N as typenum::PartialDiv<PInt<UInt<UInt<UTerm, B1>, B0>>>>::Output`
[INFO] [stdout]     | 
[INFO] [stdout]    ::: /opt/rustwide/cargo-home/registry/src/github.com-1ecc6299db9ec823/uom-0.22.1/src/si/mod.rs:10:1
[INFO] [stdout]     |
[INFO] [stdout] 10  | / system! {
[INFO] [stdout] 11  | |     /// [International System of Quantities](http://jcgm.bipm.org/vim/en/1.6.html) (ISQ).
[INFO] [stdout] 12  | |     quantities: ISQ {
[INFO] [stdout] 13  | |         length: meter, L;
[INFO] [stdout] ...   |
[INFO] [stdout] 56  | |     }
[INFO] [stdout] 57  | | }
[INFO] [stdout]     | |_- in this macro invocation
[INFO] [stdout]     |
[INFO] [stdout]     = note: this error originates in a macro (in Nightly builds, run with -Z macro-backtrace for more info)
[INFO] [stdout] 
[INFO] [stdout] 
[INFO] [stderr] error: could not compile `uom`
[INFO] [stderr] 
[INFO] [stderr] To learn more, run the command again with --verbose.
[INFO] [stdout] error[E0277]: the trait bound `<<D as si::Dimension>::J as typenum::PartialDiv<PInt<UInt<UInt<UTerm, B1>, B0>>>>::Output: Integer` is not satisfied
[INFO] [stdout]    --> /opt/rustwide/cargo-home/registry/src/github.com-1ecc6299db9ec823/uom-0.22.1/src/system.rs:777:18
[INFO] [stdout]     |
[INFO] [stdout] 230 |           pub struct Quantity<D, U, V>
[INFO] [stdout]     |                      -------- required by a bound in this
[INFO] [stdout] 231 |           where
[INFO] [stdout] 232 |               D: Dimension + ?Sized,
[INFO] [stdout]     |                  --------- required by this bound in `si::Quantity`
[INFO] [stdout] ...
[INFO] [stdout] 777 |               ) -> Quantity<
[INFO] [stdout]     |  __________________^
[INFO] [stdout] 778 | |                 $quantities<$($crate::typenum::PartialQuot<D::$symbol, $crate::typenum::P2>),+>,
[INFO] [stdout] 779 | |                 U, V>
[INFO] [stdout]     | |_____________________^ the trait `Integer` is not implemented for `<<D as si::Dimension>::J as typenum::PartialDiv<PInt<UInt<UInt<UTerm, B1>, B0>>>>::Output`
[INFO] [stdout]     | 
[INFO] [stdout]    ::: /opt/rustwide/cargo-home/registry/src/github.com-1ecc6299db9ec823/uom-0.22.1/src/si/mod.rs:10:1
[INFO] [stdout]     |
[INFO] [stdout] 10  | / system! {
[INFO] [stdout] 11  | |     /// [International System of Quantities](http://jcgm.bipm.org/vim/en/1.6.html) (ISQ).
[INFO] [stdout] 12  | |     quantities: ISQ {
[INFO] [stdout] 13  | |         length: meter, L;
[INFO] [stdout] ...   |
[INFO] [stdout] 56  | |     }
[INFO] [stdout] 57  | | }
[INFO] [stdout]     | |_- in this macro invocation
[INFO] [stdout]     |
[INFO] [stdout]     = note: this error originates in a macro (in Nightly builds, run with -Z macro-backtrace for more info)
[INFO] [stdout] 
[INFO] [stdout] 
[INFO] [stdout] error: aborting due to 91 previous errors
[INFO] [stdout] 
[INFO] [stdout] 
[INFO] [stdout] For more information about this error, try `rustc --explain E0277`.
[INFO] [stdout] 
[INFO] running `Command { std: "docker" "inspect" "e699a3c233150d5f7d9f7a71b5ccf54ab28741b0c058210a130705c66d933b25", kill_on_drop: false }`
[INFO] running `Command { std: "docker" "rm" "-f" "e699a3c233150d5f7d9f7a71b5ccf54ab28741b0c058210a130705c66d933b25", kill_on_drop: false }`
[INFO] [stdout] e699a3c233150d5f7d9f7a71b5ccf54ab28741b0c058210a130705c66d933b25
